{"id":584,"date":"2018-03-11T22:42:16","date_gmt":"2018-03-11T21:42:16","guid":{"rendered":"http:\/\/aedmus.com\/?page_id=584"},"modified":"2020-03-01T19:23:22","modified_gmt":"2020-03-01T18:23:22","slug":"musique-etats-unis","status":"publish","type":"page","link":"https:\/\/aedmus.com\/index.php\/3eme\/musique-etats-unis\/","title":{"rendered":"Soul, Gospel, Negro-spiritual, Worksongs&#8230; Que sugg\u00e8rent certains styles de musiques sur l&rsquo;histoire d&rsquo;un pays ?"},"content":{"rendered":"\n<p>Voici une proposition de voyage musical qui se d\u00e9roule entre le 18\u00e8me si\u00e8cle et aujourd&rsquo;hui.<\/p>\n\n\n\n<p><a href=\"https:\/\/padlet.com\/bastien_glacet\/b9n5zyurw9io\">Un padlet sans fronti\u00e8re<\/a><\/p>\n\n\n\n<div class=\"padlet-embed\" style=\"border: 1px solid rgba(0,0,0,0.1); border-radius: 2px; box-sizing: border-box; overflow: hidden; position: relative; width: 100%; background: #F4F4F4;\">\n<figure><iframe loading=\"lazy\" style=\"width: 100%; height: 608px; display: block; padding: 0; margin: 0;\" src=\"https:\/\/padlet.com\/embed\/b9n5zyurw9io\" width=\"150\" height=\"75\" frameborder=\"0\"><\/iframe><\/figure><p style=\"padding: 0; margin: 0;\"><\/p>\n<div style=\"padding: 8px; text-align: right; margin: 0;\"><figure><a style=\"padding: 0; margin: 0; border: none; display: block; line-height: 1; height: 16px;\" href=\"https:\/\/padlet.com?ref=embed\" target=\"_blank\" rel=\"noopener noreferrer\"><img loading=\"lazy\" decoding=\"async\" style=\"padding: 0; margin: 0; background: none; border: none; display: inline; box-shadow: none;\" src=\"https:\/\/resources.padletcdn.com\/assets\/made_with_padlet.png\" alt=\"Fait avec Padlet\" width=\"86\" height=\"16\"><\/a><\/figure><\/div>\n<\/div>\n\n\n\n<hr class=\"wp-block-separator\"\/>\n\n\n<p><iframe loading=\"lazy\" width=\"600\" height=\"400\" frameborder=\"0\" src=\"https:\/\/www.mindmeister.com\/maps\/public_map_shell\/1071314520\/le-gospel?width=600&#038;height=400&#038;z=auto&#038;presentation=1\" scrolling=\"no\" style=\"overflow: hidden; margin-bottom: 5px;\">Votre navigateur ne peut pas afficher les images. Veuillez visiter <a href=\"https:\/\/www.mindmeister.com\/1071314520\/le-gospel\" target=\"_blank\" rel=\"noopener noreferrer\">LE GOSPEL<\/a> sur MindMeister.<\/iframe><\/p>\n<div class=\"mb-5\"><a href=\"https:\/\/www.mindmeister.com\/1071314520\/le-gospel\" target=\"_blank\" rel=\"noopener noreferrer\">LE GOSPEL<\/a> par <a href=\"https:\/\/www.mindmeister.com\/users\/channel\/12348801\" target=\"_blank\" rel=\"noopener noreferrer\">Bastien Glacet<\/a><\/div>\n\n\n\n<hr class=\"wp-block-separator\"\/>\n\n\n<p><iframe loading=\"lazy\" width=\"600\" height=\"400\" frameborder=\"0\" src=\"https:\/\/www.mindmeister.com\/maps\/public_map_shell\/1071309447\/le-negro-spiritual?width=600&#038;height=400&#038;z=auto\" scrolling=\"no\" style=\"overflow: hidden; margin-bottom: 5px;\">Votre navigateur ne peut pas afficher les images. Veuillez visiter <a href=\"https:\/\/www.mindmeister.com\/1071309447\/le-negro-spiritual\" target=\"_blank\" rel=\"noopener noreferrer\">LE NEGRO-SPIRITUAL<\/a> sur MindMeister.<\/iframe><\/p>\n<div class=\"mb-5\"><a href=\"https:\/\/www.mindmeister.com\/1071309447\/le-negro-spiritual\" target=\"_blank\" rel=\"noopener noreferrer\">LE NEGRO-SPIRITUAL<\/a> par <a href=\"https:\/\/www.mindmeister.com\/users\/channel\/12348801\" target=\"_blank\" rel=\"noopener noreferrer\">Bastien Glacet<\/a><\/div>\n\n\n\n<hr class=\"wp-block-separator\"\/>\n\n\n\n<figure><iframe loading=\"lazy\" style=\"border: 0px;\" src=\"\/\/www.pearltrees.com\/beedji\/worksong-negrospirituals\/id20176821?embed=2&amp;d=201803251618\" width=\"560\" height=\"413\"><\/iframe><\/figure>\n\n\n\n<hr class=\"wp-block-separator\"\/>\n\n\n\n<p>Et comme toujours voici l&rsquo;accompagnement de la chanson. Il s&rsquo;agit de Down by the riverside dans l&rsquo;interpr\u00e9tation tr\u00e8s personnelle de Agnes Obel.<\/p>\n\n\n\n<figure class=\"wp-block-audio\"><audio controls src=\"https:\/\/aedmus.com\/wp-content\/uploads\/2020\/01\/Down-by-the-riverside-Obel_accomp.mp3\"><\/audio><\/figure>\n\n\n<p><img decoding=\"async\" src=\"https:\/\/docs.google.com\/drawings\/d\/e\/2PACX-1vRx_iJdwVTxYPjUI5ZsNMEv4npf-Kh1Gfubf9sEDQ3XwmiuWjn6lTf9By2h3fs3hiZ-kyL3T2fu1iUM\/pub?w=397&amp;h=561\"><\/p>\n\n\n\n<div class=\"wp-block-button\"><a class=\"wp-block-button__link\" href=\"https:\/\/docs.google.com\/drawings\/d\/e\/2PACX-1vRx_iJdwVTxYPjUI5ZsNMEv4npf-Kh1Gfubf9sEDQ3XwmiuWjn6lTf9By2h3fs3hiZ-kyL3T2fu1iUM\/pub?w=794&amp;h=1123\">Down by the Riverside &#8211; Fiche de chant<\/a><\/div>\n\n\n\n<div style=\"height:20px\" aria-hidden=\"true\" class=\"wp-block-spacer\"><\/div>\n\n\n\n<div class=\"wp-block-button\"><a class=\"wp-block-button__link\" href=\"https:\/\/aedmus.com\/wp-content\/uploads\/2020\/01\/Riverside Agn\u00e8s Obel - 2010.pdf\">En PDF<\/a><\/div>\n\n\n\n<p>Maintenant de nombreuses autres versions&#8230; Qui ont le m\u00eame titre mais visiblement pas la m\u00eame signification m\u00eame si des parall\u00e8les peuvent \u00eatre fait. La premi\u00e8re de l&rsquo;incroyable collectif Playing for change<\/p>\n\n\n\n<figure class=\"wp-block-embed-youtube wp-block-embed is-type-video is-provider-youtube wp-embed-aspect-16-9 wp-has-aspect-ratio\"><div class=\"wp-block-embed__wrapper\">\n<iframe loading=\"lazy\" title=\"Down By the Riverside | Playing For Change | Song Around The World\" width=\"676\" height=\"380\" src=\"https:\/\/www.youtube.com\/embed\/nQ1gHm8v3ek?feature=oembed\" frameborder=\"0\" allow=\"accelerometer; autoplay; encrypted-media; gyroscope; picture-in-picture\" allowfullscreen><\/iframe>\n<\/div><\/figure>\n\n\n\n<p><span style=\"display: block; padding-top: 2px; color: #818181; font-size: 13px;\"><a style=\"color: #818181; font-size: 13px;\" href=\"http:\/\/www.pearltrees.com\/beedji\/worksong-negrospirituals\/id20176821\" target=\"_blank\" rel=\"noopener noreferrer\">Soul, Worksong, Negrospirituals, gospels<\/a>, par <a style=\"color: #818181; font-size: 13px;\" href=\"http:\/\/www.pearltrees.com\/beedji\" target=\"_blank\" rel=\"noopener noreferrer\">beedji<\/a><\/span><\/p>\n","protected":false},"excerpt":{"rendered":"<p>Voici une proposition de voyage musical qui se d\u00e9roule entre le 18\u00e8me si\u00e8cle et aujourd&rsquo;hui. Un padlet sans fronti\u00e8re Et comme toujours voici l&rsquo;accompagnement de la chanson. Il s&rsquo;agit de Down by the riverside dans l&rsquo;interpr\u00e9tation tr\u00e8s personnelle de Agnes&#8230; <a class=\"more-link\" href=\"https:\/\/aedmus.com\/index.php\/3eme\/musique-etats-unis\/\">Continue Reading &rarr;<\/a><\/p>\n","protected":false},"author":1,"featured_media":0,"parent":4,"menu_order":0,"comment_status":"closed","ping_status":"closed","template":"template-fullwidth.php","meta":{"footnotes":""},"class_list":["post-584","page","type-page","status-publish","hentry"],"_links":{"self":[{"href":"https:\/\/aedmus.com\/index.php\/wp-json\/wp\/v2\/pages\/584","targetHints":{"allow":["GET"]}}],"collection":[{"href":"https:\/\/aedmus.com\/index.php\/wp-json\/wp\/v2\/pages"}],"about":[{"href":"https:\/\/aedmus.com\/index.php\/wp-json\/wp\/v2\/types\/page"}],"author":[{"embeddable":true,"href":"https:\/\/aedmus.com\/index.php\/wp-json\/wp\/v2\/users\/1"}],"replies":[{"embeddable":true,"href":"https:\/\/aedmus.com\/index.php\/wp-json\/wp\/v2\/comments?post=584"}],"version-history":[{"count":18,"href":"https:\/\/aedmus.com\/index.php\/wp-json\/wp\/v2\/pages\/584\/revisions"}],"predecessor-version":[{"id":928,"href":"https:\/\/aedmus.com\/index.php\/wp-json\/wp\/v2\/pages\/584\/revisions\/928"}],"up":[{"embeddable":true,"href":"https:\/\/aedmus.com\/index.php\/wp-json\/wp\/v2\/pages\/4"}],"wp:attachment":[{"href":"https:\/\/aedmus.com\/index.php\/wp-json\/wp\/v2\/media?parent=584"}],"curies":[{"name":"wp","href":"https:\/\/api.w.org\/{rel}","templated":true}]}}