{"id":264,"date":"2017-01-31T11:04:43","date_gmt":"2017-01-31T10:04:43","guid":{"rendered":"http:\/\/aedmus.com\/?page_id=264"},"modified":"2022-05-22T20:17:01","modified_gmt":"2022-05-22T18:17:01","slug":"les-evenements-de-lannee","status":"publish","type":"page","link":"https:\/\/aedmus.com\/index.php\/atelier\/les-evenements-de-lannee\/","title":{"rendered":"Les \u00e9v\u00e9nements de l&rsquo;ann\u00e9e"},"content":{"rendered":"\n<p>Place ici aux sorties et autres projets en cours d&rsquo;ann\u00e9e<\/p>\n\n\n\n<h2 class=\"wp-block-heading\">2022<\/h2>\n\n\n\n<p>Projet Cr\u00e9ation de chanson avec l&rsquo;artiste toulousain Wab<\/p>\n\n\n\n<p>Ce projet s&rsquo;inscrit dans un partenariat entre l&rsquo;\u00e9tablissement et le conseil g\u00e9n\u00e9ral de Haute-Garonne.<\/p>\n\n\n\n<p>Des concerts en live, des ateliers d&rsquo;\u00e9criture, des ateliers de pratique musicale, un concert dans de bonne conditions sonores, voici les grandes lignes de ce projet.<\/p>\n\n\n\n<p>Je vous met en lien les chansons d\u00e9j\u00e0 construites :<\/p>\n\n\n\n<div class=\"wp-block-buttons is-layout-flex wp-block-buttons-is-layout-flex\">\n<div class=\"wp-block-button\"><a class=\"wp-block-button__link\" href=\"https:\/\/docs.google.com\/document\/d\/1yQHxMe4LpjgtAbnBG3NIrCVhA2e0u5C750d800QHjqU\/edit?usp=sharing\" target=\"_blank\" rel=\"noreferrer noopener\">Ces p&rsquo;tits riens &#8211; texte 4eC<\/a><\/div>\n\n\n\n<div class=\"wp-block-button\"><a class=\"wp-block-button__link\">Ces p&rsquo;tits riens-INSTRU<\/a><\/div>\n<\/div>\n\n\n\n<figure class=\"wp-block-audio\"><audio controls src=\"https:\/\/aedmus.com\/wp-content\/uploads\/2022\/04\/Ces-Petits-Riens-NOE-4CSunny-Days.mp3\"><\/audio><figcaption>Ces p&rsquo;tits rien pour travailler la chanson AVEC le guide chant<\/figcaption><\/figure>\n\n\n\n<figure class=\"wp-block-audio\"><audio controls src=\"https:\/\/aedmus.com\/wp-content\/uploads\/2022\/05\/Ces-Petits-Riens-NOE-4C-INSTRU.mp3\"><\/audio><figcaption>&#8230; Sans le guide du chant, c&rsquo;est mieux !<\/figcaption><\/figure>\n\n\n\n<div class=\"wp-block-buttons is-layout-flex wp-block-buttons-is-layout-flex\">\n<div class=\"wp-block-button\"><a class=\"wp-block-button__link\" href=\"https:\/\/drive.google.com\/file\/d\/1uxXHJI5AKIBDd7xZ5WYyfkzWjFe8RHyG\/view?usp=sharing\" target=\"_blank\" rel=\"noreferrer noopener\">Pourquoi &#8211; texte 5eE<\/a><\/div>\n<\/div>\n\n\n\n<figure class=\"wp-block-audio\"><audio controls src=\"https:\/\/aedmus.com\/wp-content\/uploads\/2022\/04\/POURQUOI-NOE-5e.mp3\"><\/audio><figcaption>Pourquoi ? Pour travailler la chanson<\/figcaption><\/figure>\n\n\n\n<figure class=\"wp-block-audio\"><audio controls src=\"https:\/\/aedmus.com\/wp-content\/uploads\/2022\/05\/Pourquoi-5\u00b0E-NOE-instru-DO.mp3\"><\/audio><figcaption>&#8230; Sans le guide du chant, c&rsquo;est mieux !<\/figcaption><\/figure>\n\n\n\n<div class=\"wp-block-buttons is-layout-flex wp-block-buttons-is-layout-flex\">\n<div class=\"wp-block-button\"><a class=\"wp-block-button__link\" href=\"https:\/\/docs.google.com\/document\/d\/1Llovgd5KBeN041Qlfo0ugJF3wYTeJ-fwIQiIIvjWuPk\/edit?usp=sharing\" target=\"_blank\" rel=\"noreferrer noopener\">Funk g\u00e9n\u00e9ration ou Les abricots<\/a><\/div>\n<\/div>\n\n\n\n<figure class=\"wp-block-audio\"><audio controls src=\"https:\/\/aedmus.com\/wp-content\/uploads\/2022\/04\/Les-Abricots-NOE-4A.mp3\"><\/audio><figcaption>Funk g\u00e9n\u00e9ration ou Les abricots, au boulot !<\/figcaption><\/figure>\n\n\n\n<figure class=\"wp-block-audio\"><audio controls src=\"https:\/\/aedmus.com\/wp-content\/uploads\/2022\/05\/FUNK-GENERATION-NOE-4A-INSTRU.mp3\"><\/audio><figcaption>&#8230; Sans le guide chant, c&rsquo;est mieux !<\/figcaption><\/figure>\n\n\n\n<figure class=\"wp-block-gallery columns-3 is-cropped wp-block-gallery-1 is-layout-flex wp-block-gallery-is-layout-flex\"><ul class=\"blocks-gallery-grid\"><li class=\"blocks-gallery-item\"><figure><img loading=\"lazy\" decoding=\"async\" width=\"1024\" height=\"768\" src=\"https:\/\/aedmus.com\/wp-content\/uploads\/2022\/04\/PXL_20211008_132319282.MP_-1024x768.jpg\" alt=\"\" data-id=\"1231\" data-full-url=\"https:\/\/aedmus.com\/wp-content\/uploads\/2022\/04\/PXL_20211008_132319282.MP_-scaled.jpg\" data-link=\"https:\/\/aedmus.com\/index.php\/atelier\/les-evenements-de-lannee\/pxl_20211008_132319282-mp_\/\" class=\"wp-image-1231\" srcset=\"https:\/\/aedmus.com\/wp-content\/uploads\/2022\/04\/PXL_20211008_132319282.MP_-1024x768.jpg 1024w, https:\/\/aedmus.com\/wp-content\/uploads\/2022\/04\/PXL_20211008_132319282.MP_-300x225.jpg 300w, https:\/\/aedmus.com\/wp-content\/uploads\/2022\/04\/PXL_20211008_132319282.MP_-768x576.jpg 768w, https:\/\/aedmus.com\/wp-content\/uploads\/2022\/04\/PXL_20211008_132319282.MP_-1536x1152.jpg 1536w, https:\/\/aedmus.com\/wp-content\/uploads\/2022\/04\/PXL_20211008_132319282.MP_-2048x1536.jpg 2048w, https:\/\/aedmus.com\/wp-content\/uploads\/2022\/04\/PXL_20211008_132319282.MP_-600x450.jpg 600w, https:\/\/aedmus.com\/wp-content\/uploads\/2022\/04\/PXL_20211008_132319282.MP_-945x709.jpg 945w\" sizes=\"auto, (max-width: 1024px) 100vw, 1024px\" \/><\/figure><\/li><li class=\"blocks-gallery-item\"><figure><img loading=\"lazy\" decoding=\"async\" width=\"1024\" height=\"768\" src=\"https:\/\/aedmus.com\/wp-content\/uploads\/2022\/04\/PXL_20211008_133615671-1024x768.jpg\" alt=\"\" data-id=\"1232\" data-full-url=\"https:\/\/aedmus.com\/wp-content\/uploads\/2022\/04\/PXL_20211008_133615671-scaled.jpg\" data-link=\"https:\/\/aedmus.com\/index.php\/atelier\/les-evenements-de-lannee\/pxl_20211008_133615671\/\" class=\"wp-image-1232\" srcset=\"https:\/\/aedmus.com\/wp-content\/uploads\/2022\/04\/PXL_20211008_133615671-1024x768.jpg 1024w, https:\/\/aedmus.com\/wp-content\/uploads\/2022\/04\/PXL_20211008_133615671-300x225.jpg 300w, https:\/\/aedmus.com\/wp-content\/uploads\/2022\/04\/PXL_20211008_133615671-768x576.jpg 768w, https:\/\/aedmus.com\/wp-content\/uploads\/2022\/04\/PXL_20211008_133615671-1536x1152.jpg 1536w, https:\/\/aedmus.com\/wp-content\/uploads\/2022\/04\/PXL_20211008_133615671-2048x1536.jpg 2048w, https:\/\/aedmus.com\/wp-content\/uploads\/2022\/04\/PXL_20211008_133615671-600x450.jpg 600w, https:\/\/aedmus.com\/wp-content\/uploads\/2022\/04\/PXL_20211008_133615671-945x709.jpg 945w\" sizes=\"auto, (max-width: 1024px) 100vw, 1024px\" \/><\/figure><\/li><li class=\"blocks-gallery-item\"><figure><img loading=\"lazy\" decoding=\"async\" width=\"1024\" height=\"768\" src=\"https:\/\/aedmus.com\/wp-content\/uploads\/2022\/04\/PXL_20211015_104138232.MP_-1024x768.jpg\" alt=\"\" data-id=\"1233\" data-full-url=\"https:\/\/aedmus.com\/wp-content\/uploads\/2022\/04\/PXL_20211015_104138232.MP_-scaled.jpg\" data-link=\"https:\/\/aedmus.com\/index.php\/atelier\/les-evenements-de-lannee\/pxl_20211015_104138232-mp_\/\" class=\"wp-image-1233\" srcset=\"https:\/\/aedmus.com\/wp-content\/uploads\/2022\/04\/PXL_20211015_104138232.MP_-1024x768.jpg 1024w, https:\/\/aedmus.com\/wp-content\/uploads\/2022\/04\/PXL_20211015_104138232.MP_-300x225.jpg 300w, https:\/\/aedmus.com\/wp-content\/uploads\/2022\/04\/PXL_20211015_104138232.MP_-768x576.jpg 768w, https:\/\/aedmus.com\/wp-content\/uploads\/2022\/04\/PXL_20211015_104138232.MP_-1536x1152.jpg 1536w, https:\/\/aedmus.com\/wp-content\/uploads\/2022\/04\/PXL_20211015_104138232.MP_-2048x1536.jpg 2048w, https:\/\/aedmus.com\/wp-content\/uploads\/2022\/04\/PXL_20211015_104138232.MP_-600x450.jpg 600w, https:\/\/aedmus.com\/wp-content\/uploads\/2022\/04\/PXL_20211015_104138232.MP_-945x709.jpg 945w\" sizes=\"auto, (max-width: 1024px) 100vw, 1024px\" \/><\/figure><\/li><li class=\"blocks-gallery-item\"><figure><img loading=\"lazy\" decoding=\"async\" width=\"768\" height=\"1024\" src=\"https:\/\/aedmus.com\/wp-content\/uploads\/2022\/04\/PXL_20211015_111900850.MP_-768x1024.jpg\" alt=\"\" data-id=\"1234\" data-full-url=\"https:\/\/aedmus.com\/wp-content\/uploads\/2022\/04\/PXL_20211015_111900850.MP_-scaled.jpg\" data-link=\"https:\/\/aedmus.com\/index.php\/atelier\/les-evenements-de-lannee\/pxl_20211015_111900850-mp_\/\" class=\"wp-image-1234\" srcset=\"https:\/\/aedmus.com\/wp-content\/uploads\/2022\/04\/PXL_20211015_111900850.MP_-768x1024.jpg 768w, https:\/\/aedmus.com\/wp-content\/uploads\/2022\/04\/PXL_20211015_111900850.MP_-225x300.jpg 225w, https:\/\/aedmus.com\/wp-content\/uploads\/2022\/04\/PXL_20211015_111900850.MP_-1152x1536.jpg 1152w, https:\/\/aedmus.com\/wp-content\/uploads\/2022\/04\/PXL_20211015_111900850.MP_-1536x2048.jpg 1536w, https:\/\/aedmus.com\/wp-content\/uploads\/2022\/04\/PXL_20211015_111900850.MP_-600x800.jpg 600w, https:\/\/aedmus.com\/wp-content\/uploads\/2022\/04\/PXL_20211015_111900850.MP_-945x1260.jpg 945w, https:\/\/aedmus.com\/wp-content\/uploads\/2022\/04\/PXL_20211015_111900850.MP_-scaled.jpg 1920w\" sizes=\"auto, (max-width: 768px) 100vw, 768px\" \/><\/figure><\/li><li class=\"blocks-gallery-item\"><figure><img loading=\"lazy\" decoding=\"async\" width=\"1024\" height=\"768\" src=\"https:\/\/aedmus.com\/wp-content\/uploads\/2022\/04\/PXL_20211015_111904252-1024x768.jpg\" alt=\"\" data-id=\"1235\" data-full-url=\"https:\/\/aedmus.com\/wp-content\/uploads\/2022\/04\/PXL_20211015_111904252-scaled.jpg\" data-link=\"https:\/\/aedmus.com\/index.php\/atelier\/les-evenements-de-lannee\/pxl_20211015_111904252\/\" class=\"wp-image-1235\" srcset=\"https:\/\/aedmus.com\/wp-content\/uploads\/2022\/04\/PXL_20211015_111904252-1024x768.jpg 1024w, https:\/\/aedmus.com\/wp-content\/uploads\/2022\/04\/PXL_20211015_111904252-300x225.jpg 300w, https:\/\/aedmus.com\/wp-content\/uploads\/2022\/04\/PXL_20211015_111904252-768x576.jpg 768w, https:\/\/aedmus.com\/wp-content\/uploads\/2022\/04\/PXL_20211015_111904252-1536x1152.jpg 1536w, https:\/\/aedmus.com\/wp-content\/uploads\/2022\/04\/PXL_20211015_111904252-2048x1536.jpg 2048w, https:\/\/aedmus.com\/wp-content\/uploads\/2022\/04\/PXL_20211015_111904252-600x450.jpg 600w, https:\/\/aedmus.com\/wp-content\/uploads\/2022\/04\/PXL_20211015_111904252-945x709.jpg 945w\" sizes=\"auto, (max-width: 1024px) 100vw, 1024px\" \/><\/figure><\/li><li class=\"blocks-gallery-item\"><figure><img loading=\"lazy\" decoding=\"async\" width=\"768\" height=\"1024\" src=\"https:\/\/aedmus.com\/wp-content\/uploads\/2022\/04\/PXL_20211015_114738183.MP_-768x1024.jpg\" alt=\"\" data-id=\"1236\" data-full-url=\"https:\/\/aedmus.com\/wp-content\/uploads\/2022\/04\/PXL_20211015_114738183.MP_-scaled.jpg\" data-link=\"https:\/\/aedmus.com\/index.php\/atelier\/les-evenements-de-lannee\/pxl_20211015_114738183-mp_\/\" class=\"wp-image-1236\" srcset=\"https:\/\/aedmus.com\/wp-content\/uploads\/2022\/04\/PXL_20211015_114738183.MP_-768x1024.jpg 768w, https:\/\/aedmus.com\/wp-content\/uploads\/2022\/04\/PXL_20211015_114738183.MP_-225x300.jpg 225w, https:\/\/aedmus.com\/wp-content\/uploads\/2022\/04\/PXL_20211015_114738183.MP_-1152x1536.jpg 1152w, https:\/\/aedmus.com\/wp-content\/uploads\/2022\/04\/PXL_20211015_114738183.MP_-1536x2048.jpg 1536w, https:\/\/aedmus.com\/wp-content\/uploads\/2022\/04\/PXL_20211015_114738183.MP_-600x800.jpg 600w, https:\/\/aedmus.com\/wp-content\/uploads\/2022\/04\/PXL_20211015_114738183.MP_-945x1260.jpg 945w, https:\/\/aedmus.com\/wp-content\/uploads\/2022\/04\/PXL_20211015_114738183.MP_-scaled.jpg 1920w\" sizes=\"auto, (max-width: 768px) 100vw, 768px\" \/><\/figure><\/li><li class=\"blocks-gallery-item\"><figure><img loading=\"lazy\" decoding=\"async\" width=\"768\" height=\"1024\" src=\"https:\/\/aedmus.com\/wp-content\/uploads\/2022\/04\/PXL_20211015_115300099-768x1024.jpg\" alt=\"\" data-id=\"1237\" data-full-url=\"https:\/\/aedmus.com\/wp-content\/uploads\/2022\/04\/PXL_20211015_115300099-scaled.jpg\" data-link=\"https:\/\/aedmus.com\/index.php\/atelier\/les-evenements-de-lannee\/pxl_20211015_115300099\/\" class=\"wp-image-1237\" srcset=\"https:\/\/aedmus.com\/wp-content\/uploads\/2022\/04\/PXL_20211015_115300099-768x1024.jpg 768w, https:\/\/aedmus.com\/wp-content\/uploads\/2022\/04\/PXL_20211015_115300099-225x300.jpg 225w, https:\/\/aedmus.com\/wp-content\/uploads\/2022\/04\/PXL_20211015_115300099-1152x1536.jpg 1152w, https:\/\/aedmus.com\/wp-content\/uploads\/2022\/04\/PXL_20211015_115300099-1536x2048.jpg 1536w, https:\/\/aedmus.com\/wp-content\/uploads\/2022\/04\/PXL_20211015_115300099-600x800.jpg 600w, https:\/\/aedmus.com\/wp-content\/uploads\/2022\/04\/PXL_20211015_115300099-945x1260.jpg 945w, https:\/\/aedmus.com\/wp-content\/uploads\/2022\/04\/PXL_20211015_115300099-scaled.jpg 1920w\" sizes=\"auto, (max-width: 768px) 100vw, 768px\" \/><\/figure><\/li><li class=\"blocks-gallery-item\"><figure><img loading=\"lazy\" decoding=\"async\" width=\"1024\" height=\"768\" src=\"https:\/\/aedmus.com\/wp-content\/uploads\/2022\/04\/PXL_20211008_125714072-1024x768.jpg\" alt=\"\" data-id=\"1238\" data-full-url=\"https:\/\/aedmus.com\/wp-content\/uploads\/2022\/04\/PXL_20211008_125714072-scaled.jpg\" data-link=\"https:\/\/aedmus.com\/index.php\/atelier\/les-evenements-de-lannee\/pxl_20211008_125714072\/\" class=\"wp-image-1238\" srcset=\"https:\/\/aedmus.com\/wp-content\/uploads\/2022\/04\/PXL_20211008_125714072-1024x768.jpg 1024w, https:\/\/aedmus.com\/wp-content\/uploads\/2022\/04\/PXL_20211008_125714072-300x225.jpg 300w, https:\/\/aedmus.com\/wp-content\/uploads\/2022\/04\/PXL_20211008_125714072-768x576.jpg 768w, https:\/\/aedmus.com\/wp-content\/uploads\/2022\/04\/PXL_20211008_125714072-1536x1152.jpg 1536w, https:\/\/aedmus.com\/wp-content\/uploads\/2022\/04\/PXL_20211008_125714072-2048x1536.jpg 2048w, https:\/\/aedmus.com\/wp-content\/uploads\/2022\/04\/PXL_20211008_125714072-600x450.jpg 600w, https:\/\/aedmus.com\/wp-content\/uploads\/2022\/04\/PXL_20211008_125714072-945x709.jpg 945w\" sizes=\"auto, (max-width: 1024px) 100vw, 1024px\" \/><\/figure><\/li><li class=\"blocks-gallery-item\"><figure><img loading=\"lazy\" decoding=\"async\" width=\"1024\" height=\"768\" src=\"https:\/\/aedmus.com\/wp-content\/uploads\/2022\/04\/PXL_20211008_125745524.MP_-1024x768.jpg\" alt=\"\" data-id=\"1239\" data-full-url=\"https:\/\/aedmus.com\/wp-content\/uploads\/2022\/04\/PXL_20211008_125745524.MP_-scaled.jpg\" data-link=\"https:\/\/aedmus.com\/index.php\/atelier\/les-evenements-de-lannee\/pxl_20211008_125745524-mp_\/\" class=\"wp-image-1239\" srcset=\"https:\/\/aedmus.com\/wp-content\/uploads\/2022\/04\/PXL_20211008_125745524.MP_-1024x768.jpg 1024w, https:\/\/aedmus.com\/wp-content\/uploads\/2022\/04\/PXL_20211008_125745524.MP_-300x225.jpg 300w, https:\/\/aedmus.com\/wp-content\/uploads\/2022\/04\/PXL_20211008_125745524.MP_-768x576.jpg 768w, https:\/\/aedmus.com\/wp-content\/uploads\/2022\/04\/PXL_20211008_125745524.MP_-1536x1152.jpg 1536w, https:\/\/aedmus.com\/wp-content\/uploads\/2022\/04\/PXL_20211008_125745524.MP_-2048x1536.jpg 2048w, https:\/\/aedmus.com\/wp-content\/uploads\/2022\/04\/PXL_20211008_125745524.MP_-600x450.jpg 600w, https:\/\/aedmus.com\/wp-content\/uploads\/2022\/04\/PXL_20211008_125745524.MP_-945x709.jpg 945w\" sizes=\"auto, (max-width: 1024px) 100vw, 1024px\" \/><\/figure><\/li><li class=\"blocks-gallery-item\"><figure><img loading=\"lazy\" decoding=\"async\" width=\"1024\" height=\"768\" src=\"https:\/\/aedmus.com\/wp-content\/uploads\/2022\/04\/PXL_20211008_125750015-1024x768.jpg\" alt=\"\" data-id=\"1240\" data-full-url=\"https:\/\/aedmus.com\/wp-content\/uploads\/2022\/04\/PXL_20211008_125750015-scaled.jpg\" data-link=\"https:\/\/aedmus.com\/index.php\/atelier\/les-evenements-de-lannee\/pxl_20211008_125750015\/\" class=\"wp-image-1240\" srcset=\"https:\/\/aedmus.com\/wp-content\/uploads\/2022\/04\/PXL_20211008_125750015-1024x768.jpg 1024w, https:\/\/aedmus.com\/wp-content\/uploads\/2022\/04\/PXL_20211008_125750015-300x225.jpg 300w, https:\/\/aedmus.com\/wp-content\/uploads\/2022\/04\/PXL_20211008_125750015-768x576.jpg 768w, https:\/\/aedmus.com\/wp-content\/uploads\/2022\/04\/PXL_20211008_125750015-1536x1152.jpg 1536w, https:\/\/aedmus.com\/wp-content\/uploads\/2022\/04\/PXL_20211008_125750015-2048x1536.jpg 2048w, https:\/\/aedmus.com\/wp-content\/uploads\/2022\/04\/PXL_20211008_125750015-600x450.jpg 600w, https:\/\/aedmus.com\/wp-content\/uploads\/2022\/04\/PXL_20211008_125750015-945x709.jpg 945w\" sizes=\"auto, (max-width: 1024px) 100vw, 1024px\" \/><\/figure><\/li><li class=\"blocks-gallery-item\"><figure><img loading=\"lazy\" decoding=\"async\" width=\"1024\" height=\"768\" src=\"https:\/\/aedmus.com\/wp-content\/uploads\/2022\/04\/PXL_20211008_125759804-1024x768.jpg\" alt=\"\" data-id=\"1241\" data-full-url=\"https:\/\/aedmus.com\/wp-content\/uploads\/2022\/04\/PXL_20211008_125759804-scaled.jpg\" data-link=\"https:\/\/aedmus.com\/index.php\/atelier\/les-evenements-de-lannee\/pxl_20211008_125759804\/\" class=\"wp-image-1241\" srcset=\"https:\/\/aedmus.com\/wp-content\/uploads\/2022\/04\/PXL_20211008_125759804-1024x768.jpg 1024w, https:\/\/aedmus.com\/wp-content\/uploads\/2022\/04\/PXL_20211008_125759804-300x225.jpg 300w, https:\/\/aedmus.com\/wp-content\/uploads\/2022\/04\/PXL_20211008_125759804-768x576.jpg 768w, https:\/\/aedmus.com\/wp-content\/uploads\/2022\/04\/PXL_20211008_125759804-1536x1152.jpg 1536w, https:\/\/aedmus.com\/wp-content\/uploads\/2022\/04\/PXL_20211008_125759804-2048x1536.jpg 2048w, https:\/\/aedmus.com\/wp-content\/uploads\/2022\/04\/PXL_20211008_125759804-600x450.jpg 600w, https:\/\/aedmus.com\/wp-content\/uploads\/2022\/04\/PXL_20211008_125759804-945x709.jpg 945w\" sizes=\"auto, (max-width: 1024px) 100vw, 1024px\" \/><\/figure><\/li><li class=\"blocks-gallery-item\"><figure><img loading=\"lazy\" decoding=\"async\" width=\"1024\" height=\"768\" src=\"https:\/\/aedmus.com\/wp-content\/uploads\/2022\/04\/PXL_20211008_132146054-1024x768.jpg\" alt=\"\" data-id=\"1242\" data-full-url=\"https:\/\/aedmus.com\/wp-content\/uploads\/2022\/04\/PXL_20211008_132146054-scaled.jpg\" data-link=\"https:\/\/aedmus.com\/index.php\/atelier\/les-evenements-de-lannee\/pxl_20211008_132146054\/\" class=\"wp-image-1242\" srcset=\"https:\/\/aedmus.com\/wp-content\/uploads\/2022\/04\/PXL_20211008_132146054-1024x768.jpg 1024w, https:\/\/aedmus.com\/wp-content\/uploads\/2022\/04\/PXL_20211008_132146054-300x225.jpg 300w, https:\/\/aedmus.com\/wp-content\/uploads\/2022\/04\/PXL_20211008_132146054-768x576.jpg 768w, https:\/\/aedmus.com\/wp-content\/uploads\/2022\/04\/PXL_20211008_132146054-1536x1152.jpg 1536w, https:\/\/aedmus.com\/wp-content\/uploads\/2022\/04\/PXL_20211008_132146054-2048x1536.jpg 2048w, https:\/\/aedmus.com\/wp-content\/uploads\/2022\/04\/PXL_20211008_132146054-600x450.jpg 600w, https:\/\/aedmus.com\/wp-content\/uploads\/2022\/04\/PXL_20211008_132146054-945x709.jpg 945w\" sizes=\"auto, (max-width: 1024px) 100vw, 1024px\" \/><\/figure><\/li><li class=\"blocks-gallery-item\"><figure><img loading=\"lazy\" decoding=\"async\" width=\"1024\" height=\"768\" src=\"https:\/\/aedmus.com\/wp-content\/uploads\/2022\/04\/PXL_20211008_132232393-1024x768.jpg\" alt=\"\" data-id=\"1243\" data-full-url=\"https:\/\/aedmus.com\/wp-content\/uploads\/2022\/04\/PXL_20211008_132232393-scaled.jpg\" data-link=\"https:\/\/aedmus.com\/index.php\/atelier\/les-evenements-de-lannee\/pxl_20211008_132232393\/\" class=\"wp-image-1243\" srcset=\"https:\/\/aedmus.com\/wp-content\/uploads\/2022\/04\/PXL_20211008_132232393-1024x768.jpg 1024w, https:\/\/aedmus.com\/wp-content\/uploads\/2022\/04\/PXL_20211008_132232393-300x225.jpg 300w, https:\/\/aedmus.com\/wp-content\/uploads\/2022\/04\/PXL_20211008_132232393-768x576.jpg 768w, https:\/\/aedmus.com\/wp-content\/uploads\/2022\/04\/PXL_20211008_132232393-1536x1152.jpg 1536w, https:\/\/aedmus.com\/wp-content\/uploads\/2022\/04\/PXL_20211008_132232393-2048x1536.jpg 2048w, https:\/\/aedmus.com\/wp-content\/uploads\/2022\/04\/PXL_20211008_132232393-600x450.jpg 600w, https:\/\/aedmus.com\/wp-content\/uploads\/2022\/04\/PXL_20211008_132232393-945x709.jpg 945w\" sizes=\"auto, (max-width: 1024px) 100vw, 1024px\" \/><\/figure><\/li><\/ul><\/figure>\n\n\n\n<hr class=\"wp-block-separator\"\/>\n\n\n\n<p>(Dans les \u00e9pisodes pr\u00e9c\u00e9dents)<\/p>\n\n\n\n<p>Bonjour les \u00e9l\u00e8ves germanistes du coll\u00e8ge de revel. Pour ne pas laisser ce concert exceptionnel de c\u00f4t\u00e9, je vous propose de partager votre sortie avec&#8230; la terre enti\u00e8re&#8230; ou presque !<\/p>\n\n\n\n<p>Voici <a href=\"https:\/\/docs.google.com\/presentation\/d\/1DeMc2xybcVahaLFmGg-V3SPq5DXpHvbF-Mv0MhAZPfY\/edit?usp=sharing\">un lien<\/a>&nbsp;(ou clique sur l&rsquo;image gribouill\u00e9e ci dessous) qui vous permettra de compl\u00e9ter ce slide. Cliquez et ajoutez des infos photos concernant le concert de la semaine pass\u00e9e. Vous pouvez ajouter des vid\u00e9os, des photos, des liens&#8230; Et bien entendu traduire en allemand votre production. Si vous avez besoin de photos du concert, n&rsquo;h\u00e9sitez pas \u00e0 me demander&#8230; Une derni\u00e8re chose, dans les commentaires au bas de chaque diapos, inscrivez vos noms pr\u00e9noms classes merci \ud83d\ude09<\/p>\n\n\n\n<figure class=\"wp-block-image\"><a href=\"https:\/\/docs.google.com\/presentation\/d\/1DeMc2xybcVahaLFmGg-V3SPq5DXpHvbF-Mv0MhAZPfY\/edit?usp=sharing\" target=\"_blank\" rel=\"noopener\"><img loading=\"lazy\" decoding=\"async\" width=\"300\" height=\"169\" src=\"https:\/\/aedmus.com\/wp-content\/uploads\/2017\/01\/modif_slide-300x169.jpg\" alt=\"\" class=\"wp-image-268\" srcset=\"https:\/\/aedmus.com\/wp-content\/uploads\/2017\/01\/modif_slide-300x169.jpg 300w, https:\/\/aedmus.com\/wp-content\/uploads\/2017\/01\/modif_slide-370x209.jpg 370w, https:\/\/aedmus.com\/wp-content\/uploads\/2017\/01\/modif_slide.jpg 663w\" sizes=\"auto, (max-width: 300px) 100vw, 300px\" \/><\/a><\/figure>\n\n\n\n<p>Bon courage !<\/p>\n\n\n\n<p>Grace \u00e0 Mme &#8230;&#8230;.. nous avons pu aller voir Heisskalt un super groupe de hard rock. Vous voulez en savoir plus, lisez donc cette pr\u00e9sentation r\u00e9alis\u00e9 par les \u00e9l\u00e8ves<br><iframe loading=\"lazy\" src=\"https:\/\/docs.google.com\/presentation\/d\/1DeMc2xybcVahaLFmGg-V3SPq5DXpHvbF-Mv0MhAZPfY\/embed?start=false&amp;loop=false&amp;delayms=5000\" width=\"640\" height=\"389\" frameborder=\"0\" allowfullscreen=\"allowfullscreen\"><\/iframe><\/p>\n\n\n\n<p><a href=\"https:\/\/1drv.ms\/p\/s!AkijoiqSVERtgdpjmfpafJF5R7AA-Q\" target=\"_blank\" rel=\"noopener\">Un autre lien onedrive <\/a>si le slide google ne marche pas&#8230;<\/p>\n","protected":false},"excerpt":{"rendered":"<p>Place ici aux sorties et autres projets en cours d&rsquo;ann\u00e9e 2022 Projet Cr\u00e9ation de chanson avec l&rsquo;artiste toulousain Wab Ce projet s&rsquo;inscrit dans un partenariat entre l&rsquo;\u00e9tablissement et le conseil g\u00e9n\u00e9ral de Haute-Garonne. Des concerts en live, des ateliers d&rsquo;\u00e9criture,&#8230; <a class=\"more-link\" href=\"https:\/\/aedmus.com\/index.php\/atelier\/les-evenements-de-lannee\/\">Continue Reading &rarr;<\/a><\/p>\n","protected":false},"author":1,"featured_media":0,"parent":160,"menu_order":0,"comment_status":"closed","ping_status":"closed","template":"template-fullwidth.php","meta":{"footnotes":""},"class_list":["post-264","page","type-page","status-publish","hentry"],"_links":{"self":[{"href":"https:\/\/aedmus.com\/index.php\/wp-json\/wp\/v2\/pages\/264","targetHints":{"allow":["GET"]}}],"collection":[{"href":"https:\/\/aedmus.com\/index.php\/wp-json\/wp\/v2\/pages"}],"about":[{"href":"https:\/\/aedmus.com\/index.php\/wp-json\/wp\/v2\/types\/page"}],"author":[{"embeddable":true,"href":"https:\/\/aedmus.com\/index.php\/wp-json\/wp\/v2\/users\/1"}],"replies":[{"embeddable":true,"href":"https:\/\/aedmus.com\/index.php\/wp-json\/wp\/v2\/comments?post=264"}],"version-history":[{"count":13,"href":"https:\/\/aedmus.com\/index.php\/wp-json\/wp\/v2\/pages\/264\/revisions"}],"predecessor-version":[{"id":1254,"href":"https:\/\/aedmus.com\/index.php\/wp-json\/wp\/v2\/pages\/264\/revisions\/1254"}],"up":[{"embeddable":true,"href":"https:\/\/aedmus.com\/index.php\/wp-json\/wp\/v2\/pages\/160"}],"wp:attachment":[{"href":"https:\/\/aedmus.com\/index.php\/wp-json\/wp\/v2\/media?parent=264"}],"curies":[{"name":"wp","href":"https:\/\/api.w.org\/{rel}","templated":true}]}}