{"id":196,"date":"2016-12-30T17:34:26","date_gmt":"2016-12-30T16:34:26","guid":{"rendered":"http:\/\/aedmus.com\/?page_id=196"},"modified":"2025-12-01T12:06:35","modified_gmt":"2025-12-01T11:06:35","slug":"comment-raconter-une-histoire-en-musique","status":"publish","type":"page","link":"https:\/\/aedmus.com\/index.php\/5eme\/comment-raconter-une-histoire-en-musique\/","title":{"rendered":"Comment raconter une histoire en musique ?"},"content":{"rendered":"\n<p>L&rsquo;orchestre est un outil id\u00e9al pour raconter des histoires en musique. Grace \u00e0 la vari\u00e9t\u00e9 de ses timbres, \u00e0 la richesse de ses nuances&#8230; \u00e0 l&rsquo;incroyable diversit\u00e9 des possibles, il demeure l&rsquo;instrument roi des raconteur d&rsquo;histoire.<\/p>\n\n\n<div class=\"wp-block-image\">\n<figure class=\"aligncenter\"><a href=\"http:\/\/media.citedelamusique.fr\/CMDA\/public\/CMDA100003900\/\"><img loading=\"lazy\" decoding=\"async\" width=\"300\" height=\"222\" src=\"https:\/\/aedmus.com\/wp-content\/uploads\/2016\/12\/guide_apprenti_sorcier-300x222.jpg\" alt=\"\" class=\"wp-image-341\" srcset=\"https:\/\/aedmus.com\/wp-content\/uploads\/2016\/12\/guide_apprenti_sorcier-300x222.jpg 300w, https:\/\/aedmus.com\/wp-content\/uploads\/2016\/12\/guide_apprenti_sorcier-768x568.jpg 768w, https:\/\/aedmus.com\/wp-content\/uploads\/2016\/12\/guide_apprenti_sorcier-1024x757.jpg 1024w, https:\/\/aedmus.com\/wp-content\/uploads\/2016\/12\/guide_apprenti_sorcier-370x273.jpg 370w, https:\/\/aedmus.com\/wp-content\/uploads\/2016\/12\/guide_apprenti_sorcier-1040x769.jpg 1040w, https:\/\/aedmus.com\/wp-content\/uploads\/2016\/12\/guide_apprenti_sorcier.jpg 1146w\" sizes=\"auto, (max-width: 300px) 100vw, 300px\" \/><\/a><\/figure>\n<\/div>\n\n\n<p>L&rsquo;histoire de la musique est parcourue de tr\u00e8s nombreuese pi\u00e8ces magistrales. Nous pourrons nous attacher \u00e0 : <em>l&rsquo;apprenti sorcier<\/em> de Paul Dukas, aux&nbsp;<em><a href=\"https:\/\/fr.wikipedia.org\/wiki\/Les_Quatre_Saisons\" target=\"_blank\" rel=\"noreferrer noopener\">quatre saisons<\/a><\/em> de Vivaldi (ou plut\u00f4t aux&nbsp;<em>quatre concerto pour violon op.8)<\/em>, aux <em>contes de ma m\u00e8re l&rsquo;Oye<\/em> de Ravel, notamment <em>les entretiens de&nbsp;la belle et la b\u00eate&#8230;<\/em><\/p>\n\n\n\n<p>Les fiches de cours :<\/p>\n\n\n<div class=\"wp-block-image\">\n<figure class=\"aligncenter size-large is-resized\"><a href=\"https:\/\/aedmus.com\/wp-content\/uploads\/2020\/02\/fiche apprenti sorcier-raconter une histoire.pdf\"><img loading=\"lazy\" decoding=\"async\" width=\"724\" height=\"1024\" src=\"https:\/\/aedmus.com\/wp-content\/uploads\/2020\/02\/fiche apprenti sorcier-raconter une histoire-724x1024.jpg\" alt=\"\" class=\"wp-image-915\" style=\"width:211px;height:298px\" srcset=\"https:\/\/aedmus.com\/wp-content\/uploads\/2020\/02\/fiche%20apprenti%20sorcier-raconter%20une%20histoire-724x1024.jpg 724w, https:\/\/aedmus.com\/wp-content\/uploads\/2020\/02\/fiche%20apprenti%20sorcier-raconter%20une%20histoire-212x300.jpg 212w, https:\/\/aedmus.com\/wp-content\/uploads\/2020\/02\/fiche%20apprenti%20sorcier-raconter%20une%20histoire-768x1086.jpg 768w, https:\/\/aedmus.com\/wp-content\/uploads\/2020\/02\/fiche%20apprenti%20sorcier-raconter%20une%20histoire-1086x1536.jpg 1086w, https:\/\/aedmus.com\/wp-content\/uploads\/2020\/02\/fiche%20apprenti%20sorcier-raconter%20une%20histoire-600x849.jpg 600w, https:\/\/aedmus.com\/wp-content\/uploads\/2020\/02\/fiche%20apprenti%20sorcier-raconter%20une%20histoire-945x1337.jpg 945w, https:\/\/aedmus.com\/wp-content\/uploads\/2020\/02\/fiche%20apprenti%20sorcier-raconter%20une%20histoire.jpg 1240w\" sizes=\"auto, (max-width: 724px) 100vw, 724px\" \/><\/a><figcaption class=\"wp-element-caption\">Analyse sommaire de <br>3 th\u00e8mes de <br><em>L&rsquo;apprenti sorcier<\/em> <br>de <strong>Paul Dukas<\/strong><\/figcaption><\/figure>\n<\/div>\n\n\n<p>Et si on l&rsquo;\u00e9coutait en entier ?<\/p>\n\n\n\n<figure class=\"wp-block-embed is-type-video is-provider-youtube wp-block-embed-youtube wp-embed-aspect-16-9 wp-has-aspect-ratio\"><div class=\"wp-block-embed__wrapper\">\n<iframe loading=\"lazy\" title=\"Dukas : L&#039;Apprenti sorcier (Orchestre national de France)\" width=\"676\" height=\"380\" src=\"https:\/\/www.youtube.com\/embed\/0--b3hpW8gg?feature=oembed\" frameborder=\"0\" allow=\"accelerometer; autoplay; clipboard-write; encrypted-media; gyroscope; picture-in-picture; web-share\" referrerpolicy=\"strict-origin-when-cross-origin\" allowfullscreen><\/iframe>\n<\/div><\/figure>\n\n\n\n<hr class=\"wp-block-separator has-css-opacity\"\/>\n\n\n<div class=\"wp-block-image\">\n<figure class=\"aligncenter size-large is-resized\"><a href=\"https:\/\/aedmus.com\/wp-content\/uploads\/2020\/02\/fiche orchestre1.pdf\"><img loading=\"lazy\" decoding=\"async\" width=\"1024\" height=\"724\" src=\"https:\/\/aedmus.com\/wp-content\/uploads\/2020\/02\/fiche orchestre1-1024x724.jpg\" alt=\"\" class=\"wp-image-917\" style=\"width:317px;height:223px\" srcset=\"https:\/\/aedmus.com\/wp-content\/uploads\/2020\/02\/fiche%20orchestre1-1024x724.jpg 1024w, https:\/\/aedmus.com\/wp-content\/uploads\/2020\/02\/fiche%20orchestre1-300x212.jpg 300w, https:\/\/aedmus.com\/wp-content\/uploads\/2020\/02\/fiche%20orchestre1-768x543.jpg 768w, https:\/\/aedmus.com\/wp-content\/uploads\/2020\/02\/fiche%20orchestre1-1536x1086.jpg 1536w, https:\/\/aedmus.com\/wp-content\/uploads\/2020\/02\/fiche%20orchestre1-600x424.jpg 600w, https:\/\/aedmus.com\/wp-content\/uploads\/2020\/02\/fiche%20orchestre1-945x668.jpg 945w, https:\/\/aedmus.com\/wp-content\/uploads\/2020\/02\/fiche%20orchestre1.jpg 1754w\" sizes=\"auto, (max-width: 1024px) 100vw, 1024px\" \/><\/a><figcaption class=\"wp-element-caption\">L&rsquo;organisation de l&rsquo;orchestre <br>(milan)<\/figcaption><\/figure>\n<\/div>\n\n\n<hr class=\"wp-block-separator has-css-opacity\"\/>\n\n\n\n<p>Place au chant<\/p>\n\n\n\n<figure class=\"wp-block-image size-large\"><img loading=\"lazy\" decoding=\"async\" width=\"1024\" height=\"438\" src=\"https:\/\/aedmus.com\/wp-content\/uploads\/2020\/02\/image-envol-maman-fille-1024x438.jpg\" alt=\"\" class=\"wp-image-924\" srcset=\"https:\/\/aedmus.com\/wp-content\/uploads\/2020\/02\/image-envol-maman-fille-1024x438.jpg 1024w, https:\/\/aedmus.com\/wp-content\/uploads\/2020\/02\/image-envol-maman-fille-300x128.jpg 300w, https:\/\/aedmus.com\/wp-content\/uploads\/2020\/02\/image-envol-maman-fille-768x329.jpg 768w, https:\/\/aedmus.com\/wp-content\/uploads\/2020\/02\/image-envol-maman-fille-600x257.jpg 600w, https:\/\/aedmus.com\/wp-content\/uploads\/2020\/02\/image-envol-maman-fille-945x405.jpg 945w, https:\/\/aedmus.com\/wp-content\/uploads\/2020\/02\/image-envol-maman-fille.jpg 1350w\" sizes=\"auto, (max-width: 1024px) 100vw, 1024px\" \/><figcaption class=\"wp-element-caption\">Image du superbe clip de Zak Wong sur la chanson<\/figcaption><\/figure>\n\n\n\n<p class=\"has-text-align-center\"><em>Birds <\/em>de Imagine Dragon, 2019<\/p>\n\n\n\n<p>Avec l&rsquo;accompagnement <a href=\"https:\/\/www.youtube.com\/watch?v=Mjc9QjIrlb4\">ici<\/a>, Le clip de Zak Wong est <a href=\"https:\/\/www.youtube.com\/watch?v=vOXZkm9p_zY\">l\u00e0<\/a> et m\u00eame <a href=\"https:\/\/www.youtube.com\/watch?v=_AKAT-nHRi4\">la version acoustique<\/a> pour le plaisir de la douceur<\/p>\n\n\n\n<hr class=\"wp-block-separator has-css-opacity\"\/>\n\n\n\n<p>Ou un autre chant (merci \u00e0 Mme&#8230; pour la partition !)<\/p>\n\n\n\n<p>La partition de&nbsp;<a href=\"https:\/\/drive.google.com\/file\/d\/10HHEIc9PxR7v5ufVb4fVPsxX2XQEEUAH\/view?usp=sharing\">Hijo_de_la_luna<\/a><\/p>\n\n\n\n<figure class=\"wp-block-embed is-type-video is-provider-youtube wp-block-embed-youtube wp-embed-aspect-4-3 wp-has-aspect-ratio\"><div class=\"wp-block-embed__wrapper\">\n<iframe loading=\"lazy\" title=\"Mecano -Hijo De La Luna ( Fran\u00e7ais )\" width=\"676\" height=\"507\" src=\"https:\/\/www.youtube.com\/embed\/0iq9NeOCSNs?feature=oembed\" frameborder=\"0\" allow=\"accelerometer; autoplay; clipboard-write; encrypted-media; gyroscope; picture-in-picture; web-share\" referrerpolicy=\"strict-origin-when-cross-origin\" allowfullscreen><\/iframe>\n<\/div><\/figure>\n\n\n\n<hr class=\"wp-block-separator has-css-opacity\"\/>\n\n\n\n<p>Mais aussi d&rsquo;autres \u00e9coutes :<br>\nSmetana &#8211; <em>la Moldau<\/em>, extrait de <em>M\u00e0 Vlast<\/em>, po\u00e8me symphonique<br>\nUne utilisation par un<br>\nhttps:\/\/www.youtube.com\/watch?v=PcbRtSb-m9k<\/p>\n\n\n\n<p><a href=\"http:\/\/viewpure.com\/PcbRtSb-m9k?start=0&amp;end=0\">http:\/\/viewpure.com\/PcbRtSb-m9k?start=0&amp;end=0<\/a><\/p>\n\n\n\n<hr class=\"wp-block-separator has-css-opacity\"\/>\n\n\n\n<p>Il existe quantit\u00e9 d&rsquo;histoires racont\u00e9es en musique comme par exemple l&rsquo;histoire d&rsquo;Ivan Tsarevitch dans <em>l&rsquo;oiseau de feu <\/em>de Stravinsky. <\/p>\n\n\n\n<p>Pour en savoir plus au sujet de cette oeuvre c&rsquo;est par <a href=\"https:\/\/edu1d.ac-toulouse.fr\/politique-educative-31\/arts-et-cultures\/files\/Document-p%C3%A9dagogique-ONCT-O-de-F.pdf\">ici&nbsp;<\/a> ou <a href=\"http:\/\/edutheque.philharmoniedeparis.fr\/1031337-diriger-l-oiseau-de-feu.aspx\">l\u00e0 <\/a>ou encore <a href=\"http:\/\/digital.philharmoniedeparis.fr\/0823572-l-oiseau-de-feu-d-igor-stravinski.aspx\">l\u00e0<\/a> Et si vous d\u00e9sirez entrer \u00e0 l\u2019int\u00e9rieur de l&rsquo;oeuvre je vous conseil vivement de cliquer sur l&rsquo;image ci-dessous, \u00e9motions garanties !<\/p>\n\n\n\n<figure class=\"wp-block-image\"><a href=\"http:\/\/edutheque.philharmoniedeparis.fr\/CMDA\/CMDA100002900\/default.htm\" target=\"_blank\" rel=\"noreferrer noopener\"><img loading=\"lazy\" decoding=\"async\" width=\"1024\" height=\"678\" src=\"https:\/\/aedmus.com\/wp-content\/uploads\/2019\/02\/image-1024x678.png\" alt=\"\" class=\"wp-image-754\" srcset=\"https:\/\/aedmus.com\/wp-content\/uploads\/2019\/02\/image-1024x678.png 1024w, https:\/\/aedmus.com\/wp-content\/uploads\/2019\/02\/image-300x199.png 300w, https:\/\/aedmus.com\/wp-content\/uploads\/2019\/02\/image-768x509.png 768w, https:\/\/aedmus.com\/wp-content\/uploads\/2019\/02\/image-945x626.png 945w, https:\/\/aedmus.com\/wp-content\/uploads\/2019\/02\/image-600x398.png 600w, https:\/\/aedmus.com\/wp-content\/uploads\/2019\/02\/image.png 1298w\" sizes=\"auto, (max-width: 1024px) 100vw, 1024px\" \/><\/a><figcaption class=\"wp-element-caption\"><a href=\"http:\/\/edutheque.philharmoniedeparis.fr\/CMDA\/CMDA100002900\/default.htm\">http:\/\/edutheque.philharmoniedeparis.fr\/CMDA\/CMDA100002900\/default.htm<\/a><\/figcaption><\/figure>\n\n\n\n<hr class=\"wp-block-separator has-css-opacity\"\/>\n\n\n\n<p>Voici maintenant les bonus pour aller plus loin. Ci dessous, prenez 5 minutes pour \u00e9couter une d\u00e9finition du po\u00e8me symphonique.<\/p>\n\n\n\n<div class=\"wp-block-button is-style-outline is-style-outline--1\"><a class=\"wp-block-button__link has-black-color has-accent-background-color has-text-color has-background wp-element-button\" href=\"https:\/\/www.francemusique.fr\/emissions\/le-mot-du-jour\/mot-du-jour-ndeg196-poeme-symphonique-34381\" target=\"_blank\" rel=\"noreferrer noopener\">Po\u00e8me symphonique<\/a><\/div>\n\n\n\n<hr class=\"wp-block-separator has-css-opacity\"\/>\n\n\n\n<p>Et encore deux magnifiques histoires racont\u00e9es en musique.<\/p>\n\n\n\n<div class=\"padlet-embed\" style=\"border:1px solid rgba(0,0,0,0.1);border-radius:2px;box-sizing:border-box;overflow:hidden;position:relative;width:480px;height:352px;max-width:100%\"><iframe src=\"https:\/\/padlet.com\/padlets\/9opwen9xq4u7\/embeds\/preview_embed\" style=\"width:100%;height:100%;display:block;padding:0;margin:0\" frameborder=\"0\"><\/iframe><\/div>\n\n\n\n<hr class=\"wp-block-separator has-css-opacity\"\/>\n\n\n<p><img decoding=\"async\" src=\"https:\/\/docs.google.com\/drawings\/d\/e\/2PACX-1vT1LBXxWv_o7kRQhBFwT8MUGq1FY3YSh-ffDT7Dp3qxlicjvGsIATsmzL4-XrUrskWKpBCiUC05IS_e\/pub?w=397&amp;h=561\"><\/p>\n\n\n\n<div class=\"wp-block-buttons is-layout-flex wp-block-buttons-is-layout-flex\">\n<div class=\"wp-block-button\"><a class=\"wp-block-button__link wp-element-button\" href=\"https:\/\/docs.google.com\/drawings\/d\/1CmeWpm_1lRzzyebJ-e0dowVLmxzL-W7OXcmOlL6CJPM\/edit?usp=sharing\">Ouverture de s\u00e9quence<\/a><\/div>\n<\/div>\n\n\n\n<p>Smetana &#8211; Moldau <a href=\"https:\/\/play.qobuz.com\/album\/0002894779939\">ici<\/a><\/p>\n\n\n\n<p>La danse infernale de Katchei &#8211; Stravinsky &#8211; Boulez <a href=\"https:\/\/play.qobuz.com\/album\/0002894378502\">ici<\/a><\/p>\n\n\n\n<div class=\"wp-block-buttons is-layout-flex wp-block-buttons-is-layout-flex\">\n<div class=\"wp-block-button\"><a class=\"wp-block-button__link wp-element-button\" href=\"https:\/\/ladigitale.dev\/digitools\/tirage-texte\/?p=692d60338d4b6\">Miniquiz 1<\/a><\/div>\n<\/div>\n\n\n\n<figure class=\"wp-block-embed is-type-video is-provider-youtube wp-block-embed-youtube wp-embed-aspect-16-9 wp-has-aspect-ratio\"><div class=\"wp-block-embed__wrapper\">\n<iframe loading=\"lazy\" title=\"Les Si\u00e8cles  STRAVINSKY, L&#039;Oiseau de Feu - The Firebird - Danse infernale de Katchei\" width=\"676\" height=\"380\" src=\"https:\/\/www.youtube.com\/embed\/-qw9lSAR30s?feature=oembed\" frameborder=\"0\" allow=\"accelerometer; autoplay; clipboard-write; encrypted-media; gyroscope; picture-in-picture; web-share\" referrerpolicy=\"strict-origin-when-cross-origin\" allowfullscreen><\/iframe>\n<\/div><\/figure>\n\n\n\n<figure class=\"wp-block-embed is-type-video is-provider-youtube wp-block-embed-youtube wp-embed-aspect-4-3 wp-has-aspect-ratio\"><div class=\"wp-block-embed__wrapper\">\n<iframe loading=\"lazy\" title=\"Smetana ~ Moldau\" width=\"676\" height=\"507\" src=\"https:\/\/www.youtube.com\/embed\/3G4NKzmfC-Q?feature=oembed\" frameborder=\"0\" allow=\"accelerometer; autoplay; clipboard-write; encrypted-media; gyroscope; picture-in-picture; web-share\" referrerpolicy=\"strict-origin-when-cross-origin\" allowfullscreen><\/iframe>\n<\/div><\/figure>\n\n\n\n<hr class=\"wp-block-separator has-alpha-channel-opacity\"\/>\n\n\n\n<p><a href=\"https:\/\/ladigitale.dev\/digitools\/tirage-texte\/?p=692d60338d4b6&amp;t=7x4kr2y19o\">adminiq1<\/a><\/p>\n\n\n\n<p><\/p>\n","protected":false},"excerpt":{"rendered":"<p>L&rsquo;orchestre est un outil id\u00e9al pour raconter des histoires en musique. Grace \u00e0 la vari\u00e9t\u00e9 de ses timbres, \u00e0 la richesse de ses nuances&#8230; \u00e0 l&rsquo;incroyable diversit\u00e9 des possibles, il demeure l&rsquo;instrument roi des raconteur d&rsquo;histoire. L&rsquo;histoire de la musique&#8230; <a class=\"more-link\" href=\"https:\/\/aedmus.com\/index.php\/5eme\/comment-raconter-une-histoire-en-musique\/\">Continue Reading &rarr;<\/a><\/p>\n","protected":false},"author":1,"featured_media":0,"parent":123,"menu_order":0,"comment_status":"closed","ping_status":"closed","template":"template-fullwidth.php","meta":{"footnotes":""},"class_list":["post-196","page","type-page","status-publish","hentry"],"_links":{"self":[{"href":"https:\/\/aedmus.com\/index.php\/wp-json\/wp\/v2\/pages\/196","targetHints":{"allow":["GET"]}}],"collection":[{"href":"https:\/\/aedmus.com\/index.php\/wp-json\/wp\/v2\/pages"}],"about":[{"href":"https:\/\/aedmus.com\/index.php\/wp-json\/wp\/v2\/types\/page"}],"author":[{"embeddable":true,"href":"https:\/\/aedmus.com\/index.php\/wp-json\/wp\/v2\/users\/1"}],"replies":[{"embeddable":true,"href":"https:\/\/aedmus.com\/index.php\/wp-json\/wp\/v2\/comments?post=196"}],"version-history":[{"count":39,"href":"https:\/\/aedmus.com\/index.php\/wp-json\/wp\/v2\/pages\/196\/revisions"}],"predecessor-version":[{"id":1731,"href":"https:\/\/aedmus.com\/index.php\/wp-json\/wp\/v2\/pages\/196\/revisions\/1731"}],"up":[{"embeddable":true,"href":"https:\/\/aedmus.com\/index.php\/wp-json\/wp\/v2\/pages\/123"}],"wp:attachment":[{"href":"https:\/\/aedmus.com\/index.php\/wp-json\/wp\/v2\/media?parent=196"}],"curies":[{"name":"wp","href":"https:\/\/api.w.org\/{rel}","templated":true}]}}