{"id":178,"date":"2016-12-30T17:15:23","date_gmt":"2016-12-30T16:15:23","guid":{"rendered":"http:\/\/aedmus.com\/?page_id=178"},"modified":"2023-01-18T10:57:12","modified_gmt":"2023-01-18T09:57:12","slug":"le-choeur-dado","status":"publish","type":"page","link":"https:\/\/aedmus.com\/index.php\/atelier\/le-choeur-dado\/","title":{"rendered":"GROOVIE et CHOEUR d&rsquo;ADO"},"content":{"rendered":"\n<h2 class=\"wp-block-heading\">Le choeur ouvre son coeur &#8211; 2022<\/h2>\n\n\n\n<p>Une belle ann\u00e9e s&rsquo;annonce, un choeur s&rsquo;ouvre enfin au coll\u00e8ge de No\u00e9 ! Il sera li\u00e9 \u00e0 groovie, le groupe rock des \u00e9l\u00e8ves qui je l&rsquo;esp\u00e8re accompagneront bien vite vos cordes voix. <\/p>\n\n\n\n<p>Cette ann\u00e9e sera marqu\u00e9 par la paix, l&rsquo;apaisement et le partage. Le tumulte du monde sera je l&rsquo;esp\u00e8re \u00e0 notre \u00e9coute&#8230; <\/p>\n\n\n\n<p>Voici une Playlist de propositions de chants. Nous ne pourrons pas tous les chanter mais tous ont un int\u00e9r\u00eat particulier quand au th\u00e8me abord\u00e9 cette ann\u00e9e. Nous commencerons par Babel, We Want Peace et Shalom Haverim.<\/p>\n\n\n<p><iframe loading=\"lazy\" width=\"560\" height=\"315\" src=\"https:\/\/www.youtube.com\/embed\/videoseries?list=PLaeNAYMxwIyoBPM-NWnd5sB6gQowuSvuy\" title=\"YouTube video player\" frameborder=\"0\" allow=\"accelerometer; autoplay; clipboard-write; encrypted-media; gyroscope; picture-in-picture\" allowfullscreen=\"\"><\/iframe><\/p>\n\n\n\n<p>Vous pouvez vous entrainer avec les liens ci dessous<\/p>\n\n\n\n<h2 class=\"wp-block-heading\">We want peace ! Lenny Kravitz, Unity<\/h2>\n\n\n\n<div class=\"wp-block-buttons is-layout-flex wp-block-buttons-is-layout-flex\"><\/div>\n\n\n\n<figure class=\"wp-block-audio\"><audio controls src=\"https:\/\/aedmus.com\/wp-content\/uploads\/2022\/09\/Lenny-Kravitz-We-Want-Peace-accompaniment.mp3\"><\/audio><figcaption class=\"wp-element-caption\">We want Peace &#8211;  Accompagnement Em<\/figcaption><\/figure>\n\n\n\n<figure class=\"wp-block-audio\"><audio controls src=\"https:\/\/aedmus.com\/wp-content\/uploads\/2022\/11\/we-want-peace-Dm.mp3\"><\/audio><figcaption class=\"wp-element-caption\">We want peace &#8211; accompagnement en Dm<\/figcaption><\/figure>\n\n\n\n<div class=\"wp-block-buttons is-layout-flex wp-block-buttons-is-layout-flex\">\n<div class=\"wp-block-button\"><a class=\"wp-block-button__link wp-element-button\" href=\"https:\/\/drive.google.com\/file\/d\/1vbGSxKebV1WKJmuOlFdky_AyZOh1zos8\/view?usp=sharing\" target=\"_blank\" rel=\"noreferrer noopener\">We Want Peace &#8211; Partition<\/a><\/div>\n\n\n\n<div class=\"wp-block-button\"><a class=\"wp-block-button__link wp-element-button\" href=\"https:\/\/drive.google.com\/file\/d\/16oxoqQesLAXrzdgXxBdfCfGGoVS5yfqI\/view?usp=sharing\" target=\"_blank\" rel=\"noreferrer noopener\">We Want Peace &#8211; Paroles<\/a><\/div>\n<\/div>\n\n\n\n<h2 class=\"wp-block-heading\">Shalom Haverim, trad. moyen orient<\/h2>\n\n\n\n<div class=\"wp-block-buttons is-layout-flex wp-block-buttons-is-layout-flex\">\n<div class=\"wp-block-button\"><a class=\"wp-block-button__link wp-element-button\" href=\"https:\/\/drive.google.com\/file\/d\/1p7p6f_Q9U98ypnKZyhyahoBkAiaXR5vQ\/view?usp=share_link\">Shalom Haverim<\/a><\/div>\n\n\n\n<div class=\"wp-block-button\"><a class=\"wp-block-button__link wp-element-button\" href=\"https:\/\/www.youtube.com\/watch?v=4KWKZ-uU2d4&amp;ab_channel=ILLEGAAL\">Shalom Haverim &#8211; Canon<\/a><\/div>\n<\/div>\n\n\n\n<h2 class=\"wp-block-heading\">Babel, Noa<\/h2>\n\n\n\n<div class=\"wp-block-buttons is-layout-flex wp-block-buttons-is-layout-flex\">\n<div class=\"wp-block-button\"><a class=\"wp-block-button__link wp-element-button\" href=\"https:\/\/drive.google.com\/file\/d\/1yv0lKx38kJZFLoxVuLWJ-RRFj7kNulcK\/view?usp=sharing\">Fiche Chant Babel<\/a><\/div>\n\n\n\n<div class=\"wp-block-button\"><a class=\"wp-block-button__link wp-element-button\" href=\"https:\/\/drive.google.com\/file\/d\/1Vy2MaRdr6gErTaJG9SMZJfsGFrw1UaZQ\/view?usp=share_link\">Babel partition<\/a><\/div>\n<\/div>\n\n\n\n<figure class=\"wp-block-audio\"><audio controls src=\"https:\/\/aedmus.com\/wp-content\/uploads\/2022\/09\/babel-accompagnement-piano.mp3\"><\/audio><figcaption class=\"wp-element-caption\">D\u00e9but de l&rsquo;accompagnement piano<\/figcaption><\/figure>\n\n\n\n<figure class=\"wp-block-audio\"><audio controls src=\"https:\/\/aedmus.com\/wp-content\/uploads\/2022\/11\/Babel-accomp-sans-voix-en-G.mp3\"><\/audio><figcaption class=\"wp-element-caption\">Babel : playback en G sans voix<\/figcaption><\/figure>\n\n\n\n<figure class=\"wp-block-audio\"><audio controls src=\"https:\/\/aedmus.com\/wp-content\/uploads\/2022\/11\/Babel-accomp-voix-faible-en-G.mp3\"><\/audio><figcaption class=\"wp-element-caption\">Babel : playback voix faible en G<\/figcaption><\/figure>\n\n\n\n<h2 class=\"wp-block-heading\">Lifelight \/ Super smach bros<\/h2>\n\n\n\n<div class=\"wp-block-buttons is-layout-flex wp-block-buttons-is-layout-flex\">\n<div class=\"wp-block-button\"><a class=\"wp-block-button__link wp-element-button\" href=\"https:\/\/docs.google.com\/drawings\/d\/1ZUD5Yvze6R3dhJnDQjUzMBZBqj1Jt-wTAoQRj3xnPRk\/edit?usp=sharing\">Lifelight paroles<\/a><\/div>\n\n\n\n<div class=\"wp-block-button\"><a class=\"wp-block-button__link wp-element-button\" href=\"https:\/\/docs.google.com\/drawings\/d\/1HWe5rCImkZfntCcv4u5U0MQPMvS2ef9qDMTgjapt6Ds\/edit?usp=sharing\">Lifelight Grille<\/a><\/div>\n\n\n\n<div class=\"wp-block-button\"><a class=\"wp-block-button__link wp-element-button\" href=\"https:\/\/soundcloud.com\/sumashu\/lifelight?si=ebf3e486691e4d16820d341c319c0734&amp;utm_source=clipboard&amp;utm_medium=text&amp;utm_campaign=social_sharing\">Lifelight accompagnement<\/a><\/div>\n<\/div>\n\n\n\n<h2 class=\"wp-block-heading\">Zombie &#8211; Cramberies<\/h2>\n\n\n\n<p>Une chanson charg\u00e9e d&rsquo;histoire puisqu&rsquo;elle a \u00e9t\u00e9 \u00e9crite suite \u00e0 <\/p>\n\n\n\n<p>Chanson du&nbsp;<strong>groupe de rock irlandais The Cranberries,&nbsp;<\/strong>extrait de l\u2019album No Need to Argue (1994). Elle a \u00e9t\u00e9 \u00e9crite par la chanteuse et guitariste&nbsp;<strong>Dolores O\u2019Riordan<\/strong>&nbsp;suite \u00e0 la mort de deux enfants tu\u00e9s dans un centre commercial \u00e0 Warrington (en Angleterre) par&nbsp;<strong>deux bombes de l\u2019IRA.<\/strong><\/p>\n\n\n\n<p><strong>Le clip<\/strong>, r\u00e9alis\u00e9 par&nbsp;<strong>Samuel Beyer<\/strong>&nbsp;(auteur de nombreux clips des Cranberries, des Strokes et de Green Day).<\/p>\n\n\n\n<div class=\"wp-block-buttons is-layout-flex wp-block-buttons-is-layout-flex\">\n<div class=\"wp-block-button\"><a class=\"wp-block-button__link wp-element-button\" href=\"https:\/\/drive.google.com\/file\/d\/1_QwRjEtLF6bxT_oG_V-eyCqOnhVvKlbJ\/view?usp=sharing\" target=\"_blank\" rel=\"noreferrer noopener\">La partition<\/a><\/div>\n\n\n\n<div class=\"wp-block-button\"><a class=\"wp-block-button__link wp-element-button\" href=\"https:\/\/www.youtube.com\/watch?v=OnPGMz_myIY&amp;ab_channel=S%C3%A9bastienSordet\">L&rsquo;accompagnement avec paroles<\/a><\/div>\n\n\n\n<div class=\"wp-block-button\"><a class=\"wp-block-button__link wp-element-button\" href=\"https:\/\/drive.google.com\/file\/d\/1XYEjLSGc3G8c_zZhzMRB4R5tM3bYs5xc\/view?usp=sharing\">Paroles + Tab + accords<\/a><\/div>\n<\/div>\n\n\n\n<hr class=\"wp-block-separator has-css-opacity\"\/>\n\n\n\n<h2 class=\"wp-block-heading\">Ici C&rsquo;est Goovie 2021<\/h2>\n\n\n\n<p>Bonjour \u00e0 tous les motiv\u00e9s de la vibration, ici sera notre plateforme d&rsquo;\u00e9change pour am\u00e9liorer la communication et notre travail collectif.<\/p>\n\n\n\n<p>Voici maintenant le cru 2021-2022 qui annonce de grandes et belles vocalises \ud83d\ude09 quelques propositions plus ou moins ambitieuse :<\/p>\n\n\n\n<figure class=\"wp-block-embed is-type-video is-provider-youtube wp-block-embed-youtube wp-embed-aspect-16-9 wp-has-aspect-ratio\"><div class=\"wp-block-embed__wrapper\">\n<iframe loading=\"lazy\" title=\"GROOVIE 2021\" width=\"676\" height=\"380\" src=\"https:\/\/www.youtube.com\/embed\/videoseries?list=PLaeNAYMxwIyrECxK1E5_wex5Seg0AZWlD\" frameborder=\"0\" allow=\"accelerometer; autoplay; clipboard-write; encrypted-media; gyroscope; picture-in-picture; web-share\" allowfullscreen><\/iframe>\n<\/div><\/figure>\n\n\n\n<p>On commencera par Try de Colbie Caillat car on peut ais\u00e9ment faire des percus corporelles dessus et&#8230; La m\u00e9lodie est belle il faut l&rsquo;avouer. <\/p>\n\n\n\n<p>Pour vous aider j&rsquo;ai concoct\u00e9 qqs slides plus ou moins \u00e9videntes (surtout, si vous croisez une erreur, dites le moi !) :<\/p>\n\n\n<p><iframe loading=\"lazy\" src=\"https:\/\/docs.google.com\/presentation\/d\/e\/2PACX-1vSkltJuisbQ3IeQwwjPqRX0ZUY368vKEdQ8eTCntmlf_2UBwGSJjrBSkzMfZPm8Rm4lULnQ8F-MdBgB\/embed?start=false&amp;loop=false&amp;delayms=3000\" frameborder=\"0\" width=\"300\" height=\"186\" allowfullscreen=\"true\" mozallowfullscreen=\"true\" webkitallowfullscreen=\"true\"><\/iframe><\/p>\n\n\n\n<h2 class=\"wp-block-heading\">Et un titre de plus au r\u00e9pertoire \ud83d\ude09<\/h2>\n\n\n\n<div data-wp-interactive=\"core\/file\" class=\"wp-block-file\"><object data-wp-bind--hidden=\"!state.hasPdfPreview\" hidden class=\"wp-block-file__embed\" data=\"https:\/\/aedmus.com\/wp-content\/uploads\/2022\/01\/In-my-blood.pdf\" type=\"application\/pdf\" style=\"width:100%;height:600px\" aria-label=\"Contenu embarqu\u00e9 In-my-blood.\"><\/object><a id=\"wp-block-file--media-5a5ce0b7-08f1-4e8b-aace-e72f640b4cdc\" href=\"https:\/\/aedmus.com\/wp-content\/uploads\/2022\/01\/In-my-blood.pdf\">In-my-blood<\/a><a href=\"https:\/\/aedmus.com\/wp-content\/uploads\/2022\/01\/In-my-blood.pdf\" class=\"wp-block-file__button wp-element-button\" download aria-describedby=\"wp-block-file--media-5a5ce0b7-08f1-4e8b-aace-e72f640b4cdc\">T\u00e9l\u00e9charger<\/a><\/div>\n\n\n\n<hr class=\"wp-block-separator has-css-opacity\"\/>\n\n\n\n<h2 class=\"has-text-align-center wp-block-heading\"><strong>2020-2021<\/strong><\/h2>\n\n\n\n<p>Tout d&rsquo;abord, voici une playlist des morceaux que vous avez propos\u00e9s lors du premier \u00e9change. (en haut \u00e0 droite de la vid\u00e9o vous avez un menu d\u00e9roulant)<\/p>\n\n\n<p><iframe loading=\"lazy\" width=\"560\" height=\"315\" src=\"https:\/\/www.youtube.com\/embed\/videoseries?list=PLaeNAYMxwIyoV_Y5IyoyzSSs4SihgjVcE\" frameborder=\"25\" allow=\"accelerometer; autoplay; clipboard-write; encrypted-media; gyroscope; picture-in-picture\" allowfullscreen=\"\"><\/iframe><\/p>\n\n\n\n<hr class=\"wp-block-separator has-css-opacity\"\/>\n\n\n\n<h2 class=\"wp-block-heading\">Somewhere only we know &#8211; Kean<\/h2>\n\n\n\n<p>Ensuite je d\u00e9pose les fiches de chant de la premi\u00e8re chanson : somewhere only we know. En version pdf <a rel=\"noreferrer noopener\" href=\"https:\/\/drive.google.com\/file\/d\/17rm-7wx50zSrDvaRTxd2NVkd2tWblqA_\/view?usp=sharing\" target=\"_blank\">ici <\/a>et le lien <a rel=\"noreferrer noopener\" href=\"https:\/\/drive.google.com\/file\/d\/1UDLs8moZdlGSyPcAjvat4ZzW-VQddIdq\/view?usp=sharing\" target=\"_blank\">l\u00e0<\/a>. La \u00ab\u00a0partition\u00a0\u00bb de guitare est <a href=\"https:\/\/docs.google.com\/drawings\/d\/1gLKGI0lL63TJuFXkJsv88oPz4CywfaCmKOKeEge8Hh4\/edit?usp=sharing\" target=\"_blank\" rel=\"noreferrer noopener\">ici<\/a><\/p>\n\n\n\n<div class=\"wp-block-buttons is-layout-flex wp-block-buttons-is-layout-flex\">\n<div class=\"wp-block-button\"><a class=\"wp-block-button__link wp-element-button\" href=\"https:\/\/docs.google.com\/drawings\/d\/1gLKGI0lL63TJuFXkJsv88oPz4CywfaCmKOKeEge8Hh4\/edit?usp=sharing\">Somewhere<br>Tablature guitare<\/a><\/div>\n\n\n\n<div class=\"wp-block-button\"><a class=\"wp-block-button__link wp-element-button\" href=\"https:\/\/drive.google.com\/file\/d\/17rm-7wx50zSrDvaRTxd2NVkd2tWblqA_\/view?usp=sharing\" target=\"_blank\" rel=\"noreferrer noopener\">Somewhere<br>Paroles<\/a><\/div>\n\n\n\n<div class=\"wp-block-button\"><a class=\"wp-block-button__link wp-element-button\" href=\"https:\/\/drive.google.com\/file\/d\/11UV_vq2kWDe9lIF6VMs4WyhRA3LOjh85\/view?usp=sharing\" target=\"_blank\" rel=\"noreferrer noopener\">Somewhere<br> partition avec <br>noms des notes<\/a><\/div>\n\n\n\n<div class=\"wp-block-button\"><a class=\"wp-block-button__link wp-element-button\" href=\"https:\/\/drive.google.com\/file\/d\/1RHj8FxXJ2p-sTorKdyo9d4B0HgtFzIGZ\/view?usp=sharing\" target=\"_blank\" rel=\"noreferrer noopener\">Somewhere <br>R\u00e9duction piano<br>Partition all\u00e9g\u00e9e<\/a><\/div>\n\n\n\n<div class=\"wp-block-button\"><a class=\"wp-block-button__link wp-element-button\" href=\"https:\/\/docs.google.com\/document\/d\/17P7v3G3l_YBjas11_WubO5VXBfXoiJYPZ0jXDdUGF8g\/edit?usp=sharing\" target=\"_blank\" rel=\"noreferrer noopener\">Arrangement 2020<\/a><\/div>\n<\/div>\n\n\n\n<hr class=\"wp-block-separator has-css-opacity\"\/>\n\n\n\n<p>A vos cordes vocales ! Ci dessous l&rsquo;accompagnement que vous devez utiliser pour chanter la chanson<\/p>\n\n\n\n<figure class=\"wp-block-audio\"><audio controls src=\"https:\/\/aedmus.com\/wp-content\/uploads\/2020\/09\/somewhere_only-kean-C-mix.mp3\"><\/audio><figcaption class=\"wp-element-caption\">Somewhere only we know en C (en Do)<\/figcaption><\/figure>\n\n\n\n<p>Et une &#x1f3b9; r\u00e9duction pour piano \u266a\u266bpour le moment affreuse et incompl\u00e8te mais qui permet de d\u00e9marrer le travail \ud83d\ude09<\/p>\n\n\n\n<hr class=\"wp-block-separator has-css-opacity\"\/>\n\n\n\n<h2 class=\"wp-block-heading\">Come as you are &#8211; Nirvana<\/h2>\n\n\n\n<div class=\"wp-block-buttons is-layout-flex wp-block-buttons-is-layout-flex\">\n<div class=\"wp-block-button\"><a class=\"wp-block-button__link wp-element-button\" href=\"https:\/\/docs.google.com\/drawings\/d\/1a4CbGHG2c1cuVdNHbQGxV4tjD1h6MggmrEMEBfwdFno\/edit?usp=sharing\" target=\"_blank\" rel=\"noreferrer noopener\">Paroles, grille, accords, arrangement<\/a><\/div>\n<\/div>\n\n\n\n<hr class=\"wp-block-separator has-css-opacity\"\/>\n\n\n\n<h2 class=\"wp-block-heading\">Wattermelon Suggar<\/h2>\n\n\n<p><img decoding=\"async\" src=\"https:\/\/docs.google.com\/drawings\/d\/e\/2PACX-1vTNfU4tTMwyYt2V7XrHLDPyXmfAsizXuKWkJpI0qJbG_Uc3CrX0wdLKhS5QS-oiuC8BKY6Ym_1WbId9\/pub?w=794&amp;h=1123\"><\/p>\n\n\n\n<div class=\"wp-block-buttons is-layout-flex wp-block-buttons-is-layout-flex\">\n<div class=\"wp-block-button\"><a class=\"wp-block-button__link wp-element-button\" href=\"https:\/\/docs.google.com\/drawings\/d\/1HhBV4F5e9kDRRUSSN7WWNMPugPQEvzpaadmRoW8Y_y0\/edit?usp=sharing\" target=\"_blank\" rel=\"noreferrer noopener\">Fiche chant<\/a><\/div>\n\n\n\n<div class=\"wp-block-button\"><a class=\"wp-block-button__link wp-element-button\" href=\"https:\/\/drive.google.com\/file\/d\/1vd2LXqJV-KQQ5iT6eDCpujMAYF7FjNpw\/view?usp=sharing\" target=\"_blank\" rel=\"noreferrer noopener\">La partition en Bbm<\/a><\/div>\n<\/div>\n\n\n\n<hr class=\"wp-block-separator has-css-opacity\"\/>\n\n\n\n<div class=\"wp-block-buttons is-layout-flex wp-block-buttons-is-layout-flex\">\n<div class=\"wp-block-button\"><a class=\"wp-block-button__link wp-element-button\" href=\"https:\/\/pedagogie.ac-toulouse.fr\/education-musicale\/l-atelier-du-jeune-chanteur-les-echauffements-vocaux-vol-1-et-vol-2\">Les \u00e9chauffements<\/a><\/div>\n\n\n\n<div class=\"wp-block-button\"><a class=\"wp-block-button__link wp-element-button\" href=\"https:\/\/ww2.ac-poitiers.fr\/ed_music\/sites\/ed_music\/IMG\/pdf\/ajc_10minutes1chorale_v2.pdf\">Les jeux \u00e0 chanter<\/a><\/div>\n<\/div>\n\n\n\n<p>Ici un<a rel=\"noreferrer noopener\" href=\"https:\/\/padlet.com\/bastien_glacet\/alkexsqnv5s4\" target=\"_blank\"> ancien padlet<\/a> avec d&rsquo;autres propositions de reprises<\/p>\n","protected":false},"excerpt":{"rendered":"<p>Le choeur ouvre son coeur &#8211; 2022 Une belle ann\u00e9e s&rsquo;annonce, un choeur s&rsquo;ouvre enfin au coll\u00e8ge de No\u00e9 ! Il sera li\u00e9 \u00e0 groovie, le groupe rock des \u00e9l\u00e8ves qui je l&rsquo;esp\u00e8re accompagneront bien vite vos cordes voix. Cette&#8230; <a class=\"more-link\" href=\"https:\/\/aedmus.com\/index.php\/atelier\/le-choeur-dado\/\">Continue Reading &rarr;<\/a><\/p>\n","protected":false},"author":1,"featured_media":0,"parent":160,"menu_order":0,"comment_status":"closed","ping_status":"closed","template":"template-fullwidth.php","meta":{"footnotes":""},"class_list":["post-178","page","type-page","status-publish","hentry"],"_links":{"self":[{"href":"https:\/\/aedmus.com\/index.php\/wp-json\/wp\/v2\/pages\/178","targetHints":{"allow":["GET"]}}],"collection":[{"href":"https:\/\/aedmus.com\/index.php\/wp-json\/wp\/v2\/pages"}],"about":[{"href":"https:\/\/aedmus.com\/index.php\/wp-json\/wp\/v2\/types\/page"}],"author":[{"embeddable":true,"href":"https:\/\/aedmus.com\/index.php\/wp-json\/wp\/v2\/users\/1"}],"replies":[{"embeddable":true,"href":"https:\/\/aedmus.com\/index.php\/wp-json\/wp\/v2\/comments?post=178"}],"version-history":[{"count":53,"href":"https:\/\/aedmus.com\/index.php\/wp-json\/wp\/v2\/pages\/178\/revisions"}],"predecessor-version":[{"id":1359,"href":"https:\/\/aedmus.com\/index.php\/wp-json\/wp\/v2\/pages\/178\/revisions\/1359"}],"up":[{"embeddable":true,"href":"https:\/\/aedmus.com\/index.php\/wp-json\/wp\/v2\/pages\/160"}],"wp:attachment":[{"href":"https:\/\/aedmus.com\/index.php\/wp-json\/wp\/v2\/media?parent=178"}],"curies":[{"name":"wp","href":"https:\/\/api.w.org\/{rel}","templated":true}]}}