{"id":1695,"date":"2025-09-20T17:11:03","date_gmt":"2025-09-20T15:11:03","guid":{"rendered":"https:\/\/aedmus.com\/?page_id=1695"},"modified":"2025-09-25T16:56:23","modified_gmt":"2025-09-25T14:56:23","slug":"echauffements-vocaux","status":"publish","type":"page","link":"https:\/\/aedmus.com\/index.php\/accueil1\/echauffements-vocaux\/","title":{"rendered":"ECHAUFFEMENTS VOCAUX"},"content":{"rendered":"\n<h2 class=\"wp-block-heading\">ECHAUFFEMENTS<\/h2>\n\n\n\n<figure class=\"wp-block-audio\"><audio controls src=\"https:\/\/aedmus.com\/wp-content\/uploads\/2025\/09\/boucle_C-Dd-C_E-F-1.mp3\"><\/audio><figcaption class=\"wp-element-caption\">Dom\u00e9nipotou<\/figcaption><\/figure>\n\n\n\n<p><\/p>\n\n\n<p><img decoding=\"async\" src=\"https:\/\/docs.google.com\/drawings\/d\/e\/2PACX-1vRg0im5sC4qZfYVxIW_WWUUAo_YEU228aKPLFw6d0SzpoikVvBJMoQFCgNn5e0lEpH_SfuAI8X9B1P_\/pub?w=960&amp;h=500\"><\/p>\n\n\n\n<figure class=\"wp-block-audio\"><audio controls src=\"https:\/\/aedmus.com\/wp-content\/uploads\/2025\/09\/Liolioli.mp3\"><\/audio><figcaption class=\"wp-element-caption\">Liolio n\u00e9n\u00e9n\u00e9<\/figcaption><\/figure>\n\n\n\n<figure class=\"wp-block-audio\"><audio controls src=\"https:\/\/aedmus.com\/wp-content\/uploads\/2025\/09\/Jouou.mp3\"><\/audio><figcaption class=\"wp-element-caption\">Jou ou ou<\/figcaption><\/figure>\n\n\n\n<hr class=\"wp-block-separator has-alpha-channel-opacity\"\/>\n\n\n\n<p>Pour le th\u00e9\u00e2tre<\/p>\n\n\n\n<div class=\"wp-block-buttons is-layout-flex wp-block-buttons-is-layout-flex\">\n<div class=\"wp-block-button\"><a class=\"wp-block-button__link wp-element-button\" href=\"https:\/\/docs.google.com\/drawings\/d\/1rEydIZh2TsQAOhnuJwL_W4dWRafjxLP790HXzVBjEGs\/edit?usp=sharing\">Vignettes humeurs 1<\/a><\/div>\n\n\n\n<div class=\"wp-block-button\"><a class=\"wp-block-button__link wp-element-button\" href=\"https:\/\/docs.google.com\/drawings\/d\/1x3tLCLG2KFwZ9pEmL3DE-wzjbxRA6cP_8O76fJ3I0Hs\/edit?usp=sharing\">Vignettes humeurs 2<\/a><\/div>\n<\/div>\n\n\n<p><img decoding=\"async\" src=\"https:\/\/docs.google.com\/drawings\/d\/e\/2PACX-1vTbmgbGE-gG8viZzBV97FNVkZ8wXtSD0xg67L8YmB2vv7l4SU2rYRD29dwp6HbMtXs19dFuvazYGljN\/pub?w=794&amp;h=1123\"><\/p>\n\n\n<p><img decoding=\"async\" src=\"https:\/\/docs.google.com\/drawings\/d\/e\/2PACX-1vRC1ShfLd425lJB-RGKhxwDNHxkIVTXz2E9_KLFKLpjKn6cjsa5Hx6zUTtDudHUkj0lJ3aZMGZSZlDT\/pub?w=794&amp;h=1123\"><\/p>\n","protected":false},"excerpt":{"rendered":"<p>ECHAUFFEMENTS Pour le th\u00e9\u00e2tre<\/p>\n","protected":false},"author":1,"featured_media":0,"parent":21,"menu_order":0,"comment_status":"closed","ping_status":"closed","template":"","meta":{"footnotes":""},"class_list":["post-1695","page","type-page","status-publish","hentry"],"_links":{"self":[{"href":"https:\/\/aedmus.com\/index.php\/wp-json\/wp\/v2\/pages\/1695","targetHints":{"allow":["GET"]}}],"collection":[{"href":"https:\/\/aedmus.com\/index.php\/wp-json\/wp\/v2\/pages"}],"about":[{"href":"https:\/\/aedmus.com\/index.php\/wp-json\/wp\/v2\/types\/page"}],"author":[{"embeddable":true,"href":"https:\/\/aedmus.com\/index.php\/wp-json\/wp\/v2\/users\/1"}],"replies":[{"embeddable":true,"href":"https:\/\/aedmus.com\/index.php\/wp-json\/wp\/v2\/comments?post=1695"}],"version-history":[{"count":5,"href":"https:\/\/aedmus.com\/index.php\/wp-json\/wp\/v2\/pages\/1695\/revisions"}],"predecessor-version":[{"id":1724,"href":"https:\/\/aedmus.com\/index.php\/wp-json\/wp\/v2\/pages\/1695\/revisions\/1724"}],"up":[{"embeddable":true,"href":"https:\/\/aedmus.com\/index.php\/wp-json\/wp\/v2\/pages\/21"}],"wp:attachment":[{"href":"https:\/\/aedmus.com\/index.php\/wp-json\/wp\/v2\/media?parent=1695"}],"curies":[{"name":"wp","href":"https:\/\/api.w.org\/{rel}","templated":true}]}}