{"id":110,"date":"2016-11-30T17:44:39","date_gmt":"2016-11-30T16:44:39","guid":{"rendered":"http:\/\/aedmus.com\/?page_id=110"},"modified":"2018-08-29T16:59:44","modified_gmt":"2018-08-29T14:59:44","slug":"6eme","status":"publish","type":"page","link":"https:\/\/aedmus.com\/index.php\/6eme\/","title":{"rendered":"6\u00e8me"},"content":{"rendered":"<p style=\"text-align: center; font-size: 35px;\"><a href=\"https:\/\/aedmus.com\/index.php\/comment-decrire-la-musique\/\">Comment d\u00e9crire la musique ?<\/a><\/p>\n<p><a href=\"https:\/\/aedmus.com\/index.php\/6eme\/comment-decrire-la-musique\/\" target=\"_blank\" rel=\"noopener\"><img loading=\"lazy\" decoding=\"async\" class=\"aligncenter wp-image-473 size-medium\" src=\"https:\/\/aedmus.com\/wp-content\/uploads\/2016\/11\/piano-demonte-300x269.jpg\" alt=\"\" width=\"300\" height=\"269\" srcset=\"https:\/\/aedmus.com\/wp-content\/uploads\/2016\/11\/piano-demonte-300x269.jpg 300w, https:\/\/aedmus.com\/wp-content\/uploads\/2016\/11\/piano-demonte-370x332.jpg 370w, https:\/\/aedmus.com\/wp-content\/uploads\/2016\/11\/piano-demonte.jpg 440w\" sizes=\"auto, (max-width: 300px) 100vw, 300px\" \/><\/a><\/p>\n<p style=\"text-align: center; font-size: 35px;\"><a href=\"https:\/\/aedmus.com\/index.php\/6eme\/comment-la-voix-peut-etre-utilisee-comme-un-instrument-de-musique\/\">La voix peut-elle \u00eatre utilis\u00e9e comme un instrument de musique ?<\/a><\/p>\n<p><a href=\"https:\/\/aedmus.com\/index.php\/6eme\/comment-la-voix-peut-etre-utilisee-comme-un-instrument-de-musique\/\" target=\"_blank\" rel=\"noopener noreferrer\"><img loading=\"lazy\" decoding=\"async\" class=\"aligncenter wp-image-347 \" src=\"https:\/\/aedmus.com\/wp-content\/uploads\/2016\/11\/Chant-Chorale-\u00a9-rodolphe-trider-Fotolia.com_-300x214.jpg\" alt=\"\" width=\"510\" height=\"364\" srcset=\"https:\/\/aedmus.com\/wp-content\/uploads\/2016\/11\/Chant-Chorale-\u00a9-rodolphe-trider-Fotolia.com_-300x214.jpg 300w, https:\/\/aedmus.com\/wp-content\/uploads\/2016\/11\/Chant-Chorale-\u00a9-rodolphe-trider-Fotolia.com_-370x264.jpg 370w, https:\/\/aedmus.com\/wp-content\/uploads\/2016\/11\/Chant-Chorale-\u00a9-rodolphe-trider-Fotolia.com_.jpg 410w\" sizes=\"auto, (max-width: 510px) 100vw, 510px\" \/><\/a><\/p>\n<p>&nbsp;<\/p>\n<p style=\"text-align: center; font-size: 35px;\"><a href=\"https:\/\/aedmus.com\/index.php\/5eme\/a-quoi-ca-sert-dorganiser-un-orchestre\/\" target=\"_blank\" rel=\"attachment wp-att-343 noopener noreferrer\">A quoi \u00e7a sert d&rsquo;organiser un orchestre ?<\/a><\/p>\n<p>&nbsp;<\/p>\n<p style=\"text-align: center;\"><a href=\"https:\/\/aedmus.com\/index.php\/5eme\/a-quoi-ca-sert-dorganiser-un-orchestre\/\" target=\"_blank\" rel=\"noopener noreferrer\"><img loading=\"lazy\" decoding=\"async\" class=\"aligncenter wp-image-348 \" src=\"https:\/\/aedmus.com\/wp-content\/uploads\/2016\/11\/orchestre_dufi-300x201.jpg\" alt=\"\" width=\"504\" height=\"338\" srcset=\"https:\/\/aedmus.com\/wp-content\/uploads\/2016\/11\/orchestre_dufi-300x201.jpg 300w, https:\/\/aedmus.com\/wp-content\/uploads\/2016\/11\/orchestre_dufi-370x247.jpg 370w, https:\/\/aedmus.com\/wp-content\/uploads\/2016\/11\/orchestre_dufi.jpg 640w\" sizes=\"auto, (max-width: 504px) 100vw, 504px\" \/><\/a><\/p>\n<p style=\"text-align: center;\">Jean\u00a0<em>Dufy (1888\u20131964), Le concert rouge &#8211; 1946\u201349,\u00a0<\/em>Huile sur caneva,(38&#215;46\u00a0<em>cm<\/em>)<\/p>\n","protected":false},"excerpt":{"rendered":"<p>Comment d\u00e9crire la musique ? La voix peut-elle \u00eatre utilis\u00e9e comme un instrument de musique ? &nbsp; A quoi \u00e7a sert d&rsquo;organiser un orchestre ? &nbsp; Jean\u00a0Dufy (1888\u20131964), Le concert rouge &#8211; 1946\u201349,\u00a0Huile sur caneva,(38&#215;46\u00a0cm)<\/p>\n","protected":false},"author":1,"featured_media":0,"parent":0,"menu_order":1,"comment_status":"closed","ping_status":"closed","template":"template-fullwidth.php","meta":{"footnotes":""},"class_list":["post-110","page","type-page","status-publish","hentry"],"_links":{"self":[{"href":"https:\/\/aedmus.com\/index.php\/wp-json\/wp\/v2\/pages\/110","targetHints":{"allow":["GET"]}}],"collection":[{"href":"https:\/\/aedmus.com\/index.php\/wp-json\/wp\/v2\/pages"}],"about":[{"href":"https:\/\/aedmus.com\/index.php\/wp-json\/wp\/v2\/types\/page"}],"author":[{"embeddable":true,"href":"https:\/\/aedmus.com\/index.php\/wp-json\/wp\/v2\/users\/1"}],"replies":[{"embeddable":true,"href":"https:\/\/aedmus.com\/index.php\/wp-json\/wp\/v2\/comments?post=110"}],"version-history":[{"count":15,"href":"https:\/\/aedmus.com\/index.php\/wp-json\/wp\/v2\/pages\/110\/revisions"}],"predecessor-version":[{"id":478,"href":"https:\/\/aedmus.com\/index.php\/wp-json\/wp\/v2\/pages\/110\/revisions\/478"}],"wp:attachment":[{"href":"https:\/\/aedmus.com\/index.php\/wp-json\/wp\/v2\/media?parent=110"}],"curies":[{"name":"wp","href":"https:\/\/api.w.org\/{rel}","templated":true}]}}

6ème

<p style="text-align: center; font-size: 35px;"><a href="https://aedmus.com/index.php/comment-decrire-la-musique/">Comment décrire la musique ?</a></p>
<p><a href="https://aedmus.com/index.php/6eme/comment-decrire-la-musique/" target="_blank" rel="noopener"><img loading="lazy" decoding="async" class="aligncenter wp-image-473 size-medium" src="https://aedmus.com/wp-content/uploads/2016/11/piano-demonte-300x269.jpg" alt="" width="300" height="269" srcset="https://aedmus.com/wp-content/uploads/2016/11/piano-demonte-300x269.jpg 300w, https://aedmus.com/wp-content/uploads/2016/11/piano-demonte-370x332.jpg 370w, https://aedmus.com/wp-content/uploads/2016/11/piano-demonte.jpg 440w" sizes="auto, (max-width: 300px) 100vw, 300px" /></a></p>
<p style="text-align: center; font-size: 35px;"><a href="https://aedmus.com/index.php/6eme/comment-la-voix-peut-etre-utilisee-comme-un-instrument-de-musique/">La voix peut-elle être utilisée comme un instrument de musique ?</a></p>
<p><a href="https://aedmus.com/index.php/6eme/comment-la-voix-peut-etre-utilisee-comme-un-instrument-de-musique/" target="_blank" rel="noopener noreferrer"><img loading="lazy" decoding="async" class="aligncenter wp-image-347 " src="https://aedmus.com/wp-content/uploads/2016/11/Chant-Chorale-©-rodolphe-trider-Fotolia.com_-300x214.jpg" alt="" width="510" height="364" srcset="https://aedmus.com/wp-content/uploads/2016/11/Chant-Chorale-©-rodolphe-trider-Fotolia.com_-300x214.jpg 300w, https://aedmus.com/wp-content/uploads/2016/11/Chant-Chorale-©-rodolphe-trider-Fotolia.com_-370x264.jpg 370w, https://aedmus.com/wp-content/uploads/2016/11/Chant-Chorale-©-rodolphe-trider-Fotolia.com_.jpg 410w" sizes="auto, (max-width: 510px) 100vw, 510px" /></a></p>
<p>&nbsp;</p>
<p style="text-align: center; font-size: 35px;"><a href="https://aedmus.com/index.php/5eme/a-quoi-ca-sert-dorganiser-un-orchestre/" target="_blank" rel="attachment wp-att-343 noopener noreferrer">A quoi ça sert d&rsquo;organiser un orchestre ?</a></p>
<p>&nbsp;</p>
<p style="text-align: center;"><a href="https://aedmus.com/index.php/5eme/a-quoi-ca-sert-dorganiser-un-orchestre/" target="_blank" rel="noopener noreferrer"><img loading="lazy" decoding="async" class="aligncenter wp-image-348 " src="https://aedmus.com/wp-content/uploads/2016/11/orchestre_dufi-300x201.jpg" alt="" width="504" height="338" srcset="https://aedmus.com/wp-content/uploads/2016/11/orchestre_dufi-300x201.jpg 300w, https://aedmus.com/wp-content/uploads/2016/11/orchestre_dufi-370x247.jpg 370w, https://aedmus.com/wp-content/uploads/2016/11/orchestre_dufi.jpg 640w" sizes="auto, (max-width: 504px) 100vw, 504px" /></a></p>
<p style="text-align: center;">Jean <em>Dufy (1888–1964), Le concert rouge &#8211; 1946–49, </em>Huile sur caneva,(38&#215;46 <em>cm</em>)</p>

<p>Comment décrire la musique ? La voix peut-elle être utilisée comme un instrument de musique ? &nbsp; A quoi ça sert d&rsquo;organiser un orchestre ? &nbsp; Jean Dufy (1888–1964), Le concert rouge &#8211; 1946–49, Huile sur caneva,(38&#215;46 cm)</p>
